{"id":99,"date":"2015-11-30T17:15:15","date_gmt":"2015-11-30T16:15:15","guid":{"rendered":"http:\/\/www.vrabek.de\/design\/?page_id=99"},"modified":"2015-12-18T10:52:02","modified_gmt":"2015-12-18T09:52:02","slug":"3-1-modell-zur-organisationsdynamik-der-subliminalen-komponente","status":"publish","type":"page","link":"http:\/\/www.vrabek.de\/design\/3-subliminales\/3-1-modell-zur-organisationsdynamik-der-subliminalen-komponente\/","title":{"rendered":"3.1 Modell zur Organisationsdynamik der subliminalen Komponente"},"content":{"rendered":"<p>Bewusstsein ist eine Erscheinungsform subliminaler Prozesse. Die Organisationsdynamik dieser Prozesse beeinflusst, was als Ich-Bewusstsein erlebt wird. Jeder Mensch entwickelt dadurch seine mehr oder weniger ausgepr\u00e4gte Individualit\u00e4t. Sie auszuleben geh\u00f6rt zur \u00e4sthetischen Erfahrung und zum Gef\u00fchl von Lebensqualit\u00e4t. Design muss daher in Anbetracht dieser nicht zu verhindernden bedingenden Wirkung der subliminalen Komponente die Ausformung von Individualit\u00e4t und \u00e4sthetischen Vorlieben respektieren und entsprechende Gestaltungskriterien ber\u00fccksichtigen. Hierzu ist eine genauere Differenzierung und Typisierung der subliminalen Einfl\u00fcsse notwendig, die auf der Grundlage des im folgenden darzulegenden Modells (vgl. Abbildung 6) zur Organisationsdynamik der subliminal bedingten Komponente basiert.<\/p>\n","protected":false},"excerpt":{"rendered":"<p>Bewusstsein ist eine Erscheinungsform subliminaler Prozesse. Die Organisationsdynamik dieser Prozesse beeinflusst, was als Ich-Bewusstsein erlebt wird. Jeder Mensch entwickelt dadurch seine mehr oder weniger ausgepr\u00e4gte Individualit\u00e4t. Sie auszuleben geh\u00f6rt zur \u00e4sthetischen Erfahrung und zum Gef\u00fchl von Lebensqualit\u00e4t. Design muss daher&hellip;  <\/p>\n<p class=\"more-link\"><a href=\"http:\/\/www.vrabek.de\/design\/3-subliminales\/3-1-modell-zur-organisationsdynamik-der-subliminalen-komponente\/\">Continue reading <span class=\"meta-nav\">&rarr;<\/span><\/a><\/p>\n","protected":false},"author":1,"featured_media":0,"parent":54,"menu_order":0,"comment_status":"closed","ping_status":"closed","template":"","meta":[],"_links":{"self":[{"href":"http:\/\/www.vrabek.de\/design\/wp-json\/wp\/v2\/pages\/99"}],"collection":[{"href":"http:\/\/www.vrabek.de\/design\/wp-json\/wp\/v2\/pages"}],"about":[{"href":"http:\/\/www.vrabek.de\/design\/wp-json\/wp\/v2\/types\/page"}],"author":[{"embeddable":true,"href":"http:\/\/www.vrabek.de\/design\/wp-json\/wp\/v2\/users\/1"}],"replies":[{"embeddable":true,"href":"http:\/\/www.vrabek.de\/design\/wp-json\/wp\/v2\/comments?post=99"}],"version-history":[{"count":2,"href":"http:\/\/www.vrabek.de\/design\/wp-json\/wp\/v2\/pages\/99\/revisions"}],"predecessor-version":[{"id":530,"href":"http:\/\/www.vrabek.de\/design\/wp-json\/wp\/v2\/pages\/99\/revisions\/530"}],"up":[{"embeddable":true,"href":"http:\/\/www.vrabek.de\/design\/wp-json\/wp\/v2\/pages\/54"}],"wp:attachment":[{"href":"http:\/\/www.vrabek.de\/design\/wp-json\/wp\/v2\/media?parent=99"}],"curies":[{"name":"wp","href":"https:\/\/api.w.org\/{rel}","templated":true}]}}