{"id":665,"date":"2015-12-18T19:14:30","date_gmt":"2015-12-18T18:14:30","guid":{"rendered":"http:\/\/www.vrabek.de\/design\/?page_id=665"},"modified":"2015-12-18T22:03:16","modified_gmt":"2015-12-18T21:03:16","slug":"5-3-2-3-kriterien-zum-subprozess-der-einpraegung","status":"publish","type":"page","link":"http:\/\/www.vrabek.de\/design\/5-mediales\/5-3-2-subprozesse-im-teilprozess-der-manifestation\/5-3-2-3-kriterien-zum-subprozess-der-einpraegung\/","title":{"rendered":"5.3.2.3 Kriterien zum Subprozess der Einpr\u00e4gung"},"content":{"rendered":"<p>Als letzter Subpozess im Teilprozess der Manifestation bez\u00fcglich Interaktionen mit medialen Logiken ist die durch Medien vermittelte Einpr\u00e4gung diesbez\u00fcglicher Erfahrungen in die Erfahrungen anderer Menschen zu untersuchen. Erfahrungen werden durch die Interaktion mit Medien entwickelt und die Medien werden durch den R\u00fcckfluss der Erfahrung komplexer. Medien und Erfahrungen pr\u00e4gen sich gegenseitig und manifestieren sich dadurch zunehmend. Die Bedingungen welche im Subprozess der Einpr\u00e4gung auf die Erfahrungen einwirken und mit der medienbezogenen Interaktion verbunden sind, sind f\u00fcr die organische Logik durch das Kriterium der Gleichartigkeit, f\u00fcr die kontextuelle Logik durch das Kriterium der Umweltvertr\u00e4glichkeit und f\u00fcr die standardisierte Logik durch das Kriterium der Kompatibilit\u00e4t beschreibbar.<\/p>\n<h2 class=\"cprp_section_title\">:: Mehr zum Thema ::<\/h2><div class=\"cprp_items list \"><ul><li><div class=\"cprp_data\"><div class=\"cprp_title\"><a href=\"http:\/\/www.vrabek.de\/design\/2015\/12\/18\/einpraegung-zum-kriterium-der-gleichartigkeit-bezueglich-der-organischen-logik\/\" title=\"Einpr\u00e4gung &gt; Zum Kriterium der \u00bbGleichartigkeit\u00ab bez\u00fcglich der organischen Logik\">Einpr\u00e4gung > Zum Kriterium der \u00bbGleichartigkeit\u00ab bez\u00fcglich der organischen Logik<\/a><\/div><div class=\"cprp_excerpt\"><a href=\"http:\/\/www.vrabek.de\/design\/2015\/12\/18\/einpraegung-zum-kriterium-der-gleichartigkeit-bezueglich-der-organischen-logik\/\" title=\"Einpr\u00e4gung &gt; Zum Kriterium der \u00bbGleichartigkeit\u00ab bez\u00fcglich der organischen Logik\"><img src=\"http:\/\/www.vrabek.de\/design\/wp-content\/uploads\/2015\/12\/i_adaptiv.svg\" class=\"cprp_thumbnail\" title=\"Einpr\u00e4gung &gt; Zum Kriterium der \u00bbGleichartigkeit\u00ab bez\u00fcglich der organischen Logik\" alt=\"Einpr\u00e4gung &gt; Zum Kriterium der \u00bbGleichartigkeit\u00ab bez\u00fcglich der organischen Logik\" \/><\/a><span class=\"cprp_excerpt_content\">Bez\u00fcglich der interaktiven Entwicklung der organischen Medien kann der Wunsch erwachsen, die zugeh\u00f6rigen Erfahrungen nicht nur durch ihre Darstellung zu vervielf\u00e4ltigen und zu verbreiten, sondern sie weiterzugeben und sie letztendlich durch das Verst\u00e4ndnis anderer Menschen \u00fcber die eigene Existenz hinaus zu manifestieren. Die eigenen Erfahrungen sollen nicht verloren gehen und&hellip;<\/span><\/div><div class=\"cprp_tags\">Tags: erfahrungen, medien, menschen, gleichartigkeit, f\u00fcr, einpr\u00e4gung, organische, logik<\/div><\/div><\/li><li><div class=\"cprp_data\"><div class=\"cprp_title\"><a href=\"http:\/\/www.vrabek.de\/design\/2015\/12\/18\/einpraegung-zum-kriterium-der-umweltvertraeglichkeit-bezueglich-der-kontextuellen-logik\/\" title=\"Einpr\u00e4gung &gt; Zum Kriterium der \u00bbUmweltvertr\u00e4glichkeit\u00ab bez\u00fcglich der kontextuellen Logik\">Einpr\u00e4gung > Zum Kriterium der \u00bbUmweltvertr\u00e4glichkeit\u00ab bez\u00fcglich der kontextuellen Logik<\/a><\/div><div class=\"cprp_excerpt\"><a href=\"http:\/\/www.vrabek.de\/design\/2015\/12\/18\/einpraegung-zum-kriterium-der-umweltvertraeglichkeit-bezueglich-der-kontextuellen-logik\/\" title=\"Einpr\u00e4gung &gt; Zum Kriterium der \u00bbUmweltvertr\u00e4glichkeit\u00ab bez\u00fcglich der kontextuellen Logik\"><img src=\"http:\/\/www.vrabek.de\/design\/wp-content\/uploads\/2015\/12\/i_situativ.svg\" class=\"cprp_thumbnail\" title=\"Einpr\u00e4gung &gt; Zum Kriterium der \u00bbUmweltvertr\u00e4glichkeit\u00ab bez\u00fcglich der kontextuellen Logik\" alt=\"Einpr\u00e4gung &gt; Zum Kriterium der \u00bbUmweltvertr\u00e4glichkeit\u00ab bez\u00fcglich der kontextuellen Logik\" \/><\/a><span class=\"cprp_excerpt_content\">Zum letzten Subprozess der Manifestation von medial bedingten Erfahrungen, der Einpr\u00e4gung, geh\u00f6rt in Relation zu Medien mit kontextueller Logik die Abstimmung mit den bereits im Kontext vorhandenen Medien. Zu diesen ist auch die kontextbezogene Gegebenheit der Natur zu z\u00e4hlen, welche der beliebigen Verbreitung und Einpr\u00e4gung von Erfahrungen durch kontextuelle Medien&hellip;<\/span><\/div><div class=\"cprp_tags\">Tags: einpr\u00e4gung, medien, logik, f\u00fcr, erfahrungen, welche, umweltvertr\u00e4glichkeit, bez\u00fcglich, kriterium, manifestation<\/div><\/div><\/li><li><div class=\"cprp_data\"><div class=\"cprp_title\"><a href=\"http:\/\/www.vrabek.de\/design\/2015\/12\/18\/einpraegung-zum-kriterium-der-kompatibilitaet-bezueglich-der-standardisierten-logik\/\" title=\"Einpr\u00e4gung &gt; Zum Kriterium der \u00bbKompatibilit\u00e4t\u00ab bez\u00fcglich der standardisierten Logik\">Einpr\u00e4gung > Zum Kriterium der \u00bbKompatibilit\u00e4t\u00ab bez\u00fcglich der standardisierten Logik<\/a><\/div><div class=\"cprp_excerpt\"><a href=\"http:\/\/www.vrabek.de\/design\/2015\/12\/18\/einpraegung-zum-kriterium-der-kompatibilitaet-bezueglich-der-standardisierten-logik\/\" title=\"Einpr\u00e4gung &gt; Zum Kriterium der \u00bbKompatibilit\u00e4t\u00ab bez\u00fcglich der standardisierten Logik\"><img src=\"http:\/\/www.vrabek.de\/design\/wp-content\/uploads\/2015\/12\/i_innovativ-1.svg\" class=\"cprp_thumbnail\" title=\"Einpr\u00e4gung &gt; Zum Kriterium der \u00bbKompatibilit\u00e4t\u00ab bez\u00fcglich der standardisierten Logik\" alt=\"Einpr\u00e4gung &gt; Zum Kriterium der \u00bbKompatibilit\u00e4t\u00ab bez\u00fcglich der standardisierten Logik\" \/><\/a><span class=\"cprp_excerpt_content\">Im Subprozess der Einpr\u00e4gung werden die im Umgang mit einem Medientyp gewonnen Erfahrungen an dem gleichen oder einem anderen Medientyp erprobt. Hierbei sind die jeweils bereits vorhandenen Routinen der medienbezogenen Interaktion zu ber\u00fccksichtigen. Bez\u00fcglich den organischen Medien ist daher das Kriterium der Gleichartigkeit wichtig und hinsichtlich der kontextuellen Medien das&hellip;<\/span><\/div><div class=\"cprp_tags\">Tags: kompatibilit\u00e4t, kriterium, einpr\u00e4gung, medien, f\u00fcr<\/div><\/div><\/li><\/ul><\/div><div style=\"clear:both;\"><\/div>","protected":false},"excerpt":{"rendered":"<p>Als letzter Subpozess im Teilprozess der Manifestation bez\u00fcglich Interaktionen mit medialen Logiken ist die durch Medien vermittelte Einpr\u00e4gung diesbez\u00fcglicher Erfahrungen in die Erfahrungen anderer Menschen zu untersuchen. Erfahrungen werden durch die Interaktion mit Medien entwickelt und die Medien werden durch&hellip;  <\/p>\n<p class=\"more-link\"><a href=\"http:\/\/www.vrabek.de\/design\/5-mediales\/5-3-2-subprozesse-im-teilprozess-der-manifestation\/5-3-2-3-kriterien-zum-subprozess-der-einpraegung\/\">Continue reading <span class=\"meta-nav\">&rarr;<\/span><\/a><\/p>\n","protected":false},"author":1,"featured_media":0,"parent":345,"menu_order":0,"comment_status":"closed","ping_status":"closed","template":"","meta":[],"_links":{"self":[{"href":"http:\/\/www.vrabek.de\/design\/wp-json\/wp\/v2\/pages\/665"}],"collection":[{"href":"http:\/\/www.vrabek.de\/design\/wp-json\/wp\/v2\/pages"}],"about":[{"href":"http:\/\/www.vrabek.de\/design\/wp-json\/wp\/v2\/types\/page"}],"author":[{"embeddable":true,"href":"http:\/\/www.vrabek.de\/design\/wp-json\/wp\/v2\/users\/1"}],"replies":[{"embeddable":true,"href":"http:\/\/www.vrabek.de\/design\/wp-json\/wp\/v2\/comments?post=665"}],"version-history":[{"count":2,"href":"http:\/\/www.vrabek.de\/design\/wp-json\/wp\/v2\/pages\/665\/revisions"}],"predecessor-version":[{"id":707,"href":"http:\/\/www.vrabek.de\/design\/wp-json\/wp\/v2\/pages\/665\/revisions\/707"}],"up":[{"embeddable":true,"href":"http:\/\/www.vrabek.de\/design\/wp-json\/wp\/v2\/pages\/345"}],"wp:attachment":[{"href":"http:\/\/www.vrabek.de\/design\/wp-json\/wp\/v2\/media?parent=665"}],"curies":[{"name":"wp","href":"https:\/\/api.w.org\/{rel}","templated":true}]}}

5.3.2.3 Kriterien zum Subprozess der Einprägung

<p>Als letzter Subpozess im Teilprozess der Manifestation bezüglich Interaktionen mit medialen Logiken ist die durch Medien vermittelte Einprägung diesbezüglicher Erfahrungen in die Erfahrungen anderer Menschen zu untersuchen. Erfahrungen werden durch die Interaktion mit Medien entwickelt und die Medien werden durch den Rückfluss der Erfahrung komplexer. Medien und Erfahrungen prägen sich gegenseitig und manifestieren sich dadurch zunehmend. Die Bedingungen welche im Subprozess der Einprägung auf die Erfahrungen einwirken und mit der medienbezogenen Interaktion verbunden sind, sind für die organische Logik durch das Kriterium der Gleichartigkeit, für die kontextuelle Logik durch das Kriterium der Umweltverträglichkeit und für die standardisierte Logik durch das Kriterium der Kompatibilität beschreibbar.</p>
<h2 class="cprp_section_title">:: Mehr zum Thema ::</h2><div class="cprp_items list "><ul><li><div class="cprp_data"><div class="cprp_title"><a href="http://www.vrabek.de/design/2015/12/18/einpraegung-zum-kriterium-der-gleichartigkeit-bezueglich-der-organischen-logik/" title="Einprägung &gt; Zum Kriterium der »Gleichartigkeit« bezüglich der organischen Logik">Einprägung > Zum Kriterium der »Gleichartigkeit« bezüglich der organischen Logik</a></div><div class="cprp_excerpt"><a href="http://www.vrabek.de/design/2015/12/18/einpraegung-zum-kriterium-der-gleichartigkeit-bezueglich-der-organischen-logik/" title="Einprägung &gt; Zum Kriterium der »Gleichartigkeit« bezüglich der organischen Logik"><img src="http://www.vrabek.de/design/wp-content/uploads/2015/12/i_adaptiv.svg" class="cprp_thumbnail" title="Einprägung &gt; Zum Kriterium der »Gleichartigkeit« bezüglich der organischen Logik" alt="Einprägung &gt; Zum Kriterium der »Gleichartigkeit« bezüglich der organischen Logik" /></a><span class="cprp_excerpt_content">Bezüglich der interaktiven Entwicklung der organischen Medien kann der Wunsch erwachsen, die zugehörigen Erfahrungen nicht nur durch ihre Darstellung zu vervielfältigen und zu verbreiten, sondern sie weiterzugeben und sie letztendlich durch das Verständnis anderer Menschen über die eigene Existenz hinaus zu manifestieren. Die eigenen Erfahrungen sollen nicht verloren gehen und&hellip;</span></div><div class="cprp_tags">Tags: erfahrungen, medien, menschen, gleichartigkeit, für, einprägung, organische, logik</div></div></li><li><div class="cprp_data"><div class="cprp_title"><a href="http://www.vrabek.de/design/2015/12/18/einpraegung-zum-kriterium-der-umweltvertraeglichkeit-bezueglich-der-kontextuellen-logik/" title="Einprägung &gt; Zum Kriterium der »Umweltverträglichkeit« bezüglich der kontextuellen Logik">Einprägung > Zum Kriterium der »Umweltverträglichkeit« bezüglich der kontextuellen Logik</a></div><div class="cprp_excerpt"><a href="http://www.vrabek.de/design/2015/12/18/einpraegung-zum-kriterium-der-umweltvertraeglichkeit-bezueglich-der-kontextuellen-logik/" title="Einprägung &gt; Zum Kriterium der »Umweltverträglichkeit« bezüglich der kontextuellen Logik"><img src="http://www.vrabek.de/design/wp-content/uploads/2015/12/i_situativ.svg" class="cprp_thumbnail" title="Einprägung &gt; Zum Kriterium der »Umweltverträglichkeit« bezüglich der kontextuellen Logik" alt="Einprägung &gt; Zum Kriterium der »Umweltverträglichkeit« bezüglich der kontextuellen Logik" /></a><span class="cprp_excerpt_content">Zum letzten Subprozess der Manifestation von medial bedingten Erfahrungen, der Einprägung, gehört in Relation zu Medien mit kontextueller Logik die Abstimmung mit den bereits im Kontext vorhandenen Medien. Zu diesen ist auch die kontextbezogene Gegebenheit der Natur zu zählen, welche der beliebigen Verbreitung und Einprägung von Erfahrungen durch kontextuelle Medien&hellip;</span></div><div class="cprp_tags">Tags: einprägung, medien, logik, für, erfahrungen, welche, umweltverträglichkeit, bezüglich, kriterium, manifestation</div></div></li><li><div class="cprp_data"><div class="cprp_title"><a href="http://www.vrabek.de/design/2015/12/18/einpraegung-zum-kriterium-der-kompatibilitaet-bezueglich-der-standardisierten-logik/" title="Einprägung &gt; Zum Kriterium der »Kompatibilität« bezüglich der standardisierten Logik">Einprägung > Zum Kriterium der »Kompatibilität« bezüglich der standardisierten Logik</a></div><div class="cprp_excerpt"><a href="http://www.vrabek.de/design/2015/12/18/einpraegung-zum-kriterium-der-kompatibilitaet-bezueglich-der-standardisierten-logik/" title="Einprägung &gt; Zum Kriterium der »Kompatibilität« bezüglich der standardisierten Logik"><img src="http://www.vrabek.de/design/wp-content/uploads/2015/12/i_innovativ-1.svg" class="cprp_thumbnail" title="Einprägung &gt; Zum Kriterium der »Kompatibilität« bezüglich der standardisierten Logik" alt="Einprägung &gt; Zum Kriterium der »Kompatibilität« bezüglich der standardisierten Logik" /></a><span class="cprp_excerpt_content">Im Subprozess der Einprägung werden die im Umgang mit einem Medientyp gewonnen Erfahrungen an dem gleichen oder einem anderen Medientyp erprobt. Hierbei sind die jeweils bereits vorhandenen Routinen der medienbezogenen Interaktion zu berücksichtigen. Bezüglich den organischen Medien ist daher das Kriterium der Gleichartigkeit wichtig und hinsichtlich der kontextuellen Medien das&hellip;</span></div><div class="cprp_tags">Tags: kompatibilität, kriterium, einprägung, medien, für</div></div></li></ul></div><div style="clear:both;"></div>

<p>Als letzter Subpozess im Teilprozess der Manifestation bezüglich Interaktionen mit medialen Logiken ist die durch Medien vermittelte Einprägung diesbezüglicher Erfahrungen in die Erfahrungen anderer Menschen zu untersuchen. Erfahrungen werden durch die Interaktion mit Medien entwickelt und die Medien werden durch&hellip;  </p>
<p class="more-link"><a href="http://www.vrabek.de/design/5-mediales/5-3-2-subprozesse-im-teilprozess-der-manifestation/5-3-2-3-kriterien-zum-subprozess-der-einpraegung/">Continue reading <span class="meta-nav">&rarr;</span></a></p>
