{"id":661,"date":"2015-12-18T19:10:48","date_gmt":"2015-12-18T18:10:48","guid":{"rendered":"http:\/\/www.vrabek.de\/design\/?page_id=661"},"modified":"2015-12-18T22:02:06","modified_gmt":"2015-12-18T21:02:06","slug":"5-3-2-1-kriterien-zum-subprozess-der-fixierung","status":"publish","type":"page","link":"http:\/\/www.vrabek.de\/design\/5-mediales\/5-3-2-subprozesse-im-teilprozess-der-manifestation\/5-3-2-1-kriterien-zum-subprozess-der-fixierung\/","title":{"rendered":"5.3.2.1 Kriterien zum Subprozess der Fixierung"},"content":{"rendered":"<p>Auf die Aktivation von medialen Logiken folgt als n\u00e4chster Teilprozess die Manifestation. Bez\u00fcglich dessen erstem Subprozess geht es darum, die verschiedenen, f\u00fcr die Erfahrung aktivierten und bereits zur Orientierung dienenden Medien in irgendeiner Form zu fixieren, um auf sie zur\u00fcckgreifen zu k\u00f6nnen, ohne jedesmal den Aktivationsvorgang wiederholen zu m\u00fcssen. Die spezifische Eigenlogik der betroffenen Medien gibt f\u00fcr diese Fixierung Bedingungen vor, welche Vor- und Nachteile f\u00fcr die \u00e4sthetische Erfahrung mit sich bringen.<\/p>\n<p>Medien mit organischer Logik werden als subjektives Gef\u00fchl, eine gefestigte Erfahrung, ein K\u00f6nnen, ein Wissen zu haben, durch Verk\u00f6rperung fixiert. Medien mit kontextueller Logik, erhalten mittels Materialisierung eine raumzeitliche Stabilisierung. Medien mit standardisierter Logik werden durch eine explizite Codierung, Organigramme, Fachsprachen, Bildsymbole, Formeltafeln usw. fixiert. Dementsprechend ergeben sich die Kriterien Verk\u00f6rperbarkeit, Materialisierbarkeit und Normbezogenheit, die anschlie\u00dfend zu analysieren sind.<\/p>\n<h2 class=\"cprp_section_title\">:: Mehr zum Thema ::<\/h2><div class=\"cprp_items list \"><ul><li><div class=\"cprp_data\"><div class=\"cprp_title\"><a href=\"http:\/\/www.vrabek.de\/design\/2015\/12\/18\/fixierung-zum-kriterium-der-verkoerperbarkeit-bezueglich-der-organischen-logik\/\" title=\"Fixierung &gt; Zum Kriterium der \u00bbVerk\u00f6rperbarkeit\u00ab bez\u00fcglich der organischen Logik\">Fixierung > Zum Kriterium der \u00bbVerk\u00f6rperbarkeit\u00ab bez\u00fcglich der organischen Logik<\/a><\/div><div class=\"cprp_excerpt\"><a href=\"http:\/\/www.vrabek.de\/design\/2015\/12\/18\/fixierung-zum-kriterium-der-verkoerperbarkeit-bezueglich-der-organischen-logik\/\" title=\"Fixierung &gt; Zum Kriterium der \u00bbVerk\u00f6rperbarkeit\u00ab bez\u00fcglich der organischen Logik\"><img src=\"http:\/\/www.vrabek.de\/design\/wp-content\/uploads\/2015\/12\/i_adaptiv.svg\" class=\"cprp_thumbnail\" title=\"Fixierung &gt; Zum Kriterium der \u00bbVerk\u00f6rperbarkeit\u00ab bez\u00fcglich der organischen Logik\" alt=\"Fixierung &gt; Zum Kriterium der \u00bbVerk\u00f6rperbarkeit\u00ab bez\u00fcglich der organischen Logik\" \/><\/a><span class=\"cprp_excerpt_content\">Die Fixierung der Kompetenz zur Interaktion mit Medien, welche durch die organische Logik bedingt sind, basiert darauf, dass sie sozusagen \u00bbin Fleisch und Blut\u00ab \u00fcbergegangen ist. Dies betrifft die F\u00e4higkeit einer Kassiererin zum schnellen Addieren im Kopf ebenso wie die F\u00e4higkeit einer S\u00e4ngerin, auf Anhieb den gew\u00fcnschten Ton treffen zu&hellip;<\/span><\/div><div class=\"cprp_tags\">Tags: verk\u00f6rperbarkeit, fixierung, diese, k\u00f6nnen, erfahrung, logik, medien, jedesmal, m\u00fcssen, bez\u00fcglich<\/div><\/div><\/li><li><div class=\"cprp_data\"><div class=\"cprp_title\"><a href=\"http:\/\/www.vrabek.de\/design\/2015\/12\/18\/fixierung-zum-kriterium-der-materialisierbarkeit-bezueglich-der-kontextuellen-logik\/\" title=\"Fixierung &gt; Zum Kriterium der \u00bbMaterialisierbarkeit\u00ab bez\u00fcglich der kontextuellen Logik\">Fixierung > Zum Kriterium der \u00bbMaterialisierbarkeit\u00ab bez\u00fcglich der kontextuellen Logik<\/a><\/div><div class=\"cprp_excerpt\"><a href=\"http:\/\/www.vrabek.de\/design\/2015\/12\/18\/fixierung-zum-kriterium-der-materialisierbarkeit-bezueglich-der-kontextuellen-logik\/\" title=\"Fixierung &gt; Zum Kriterium der \u00bbMaterialisierbarkeit\u00ab bez\u00fcglich der kontextuellen Logik\"><img src=\"http:\/\/www.vrabek.de\/design\/wp-content\/uploads\/2015\/12\/i_situativ.svg\" class=\"cprp_thumbnail\" title=\"Fixierung &gt; Zum Kriterium der \u00bbMaterialisierbarkeit\u00ab bez\u00fcglich der kontextuellen Logik\" alt=\"Fixierung &gt; Zum Kriterium der \u00bbMaterialisierbarkeit\u00ab bez\u00fcglich der kontextuellen Logik\" \/><\/a><span class=\"cprp_excerpt_content\">Medien mit kontextueller Logik sind durch ihre Materialisierbarkeit fixierbar. Dies hei\u00dft, dass ein Medium nicht f\u00fcr den Lebenskontext zur Verf\u00fcgung stehen kann, wenn seine Materialisierung beispielsweise aufgrund der unterschiedlichen Materialien oder Bodensch\u00e4tze, die der naturgegebene Lebensraum enth\u00e4lt, nicht gelingt. Mitbeeinflusst durch diese differierenden Anfangsbedingungen entwickelten sich verschiedene Kulturen. Heutzutage entsteht&hellip;<\/span><\/div><div class=\"cprp_tags\">Tags: materialisierbarkeit, logik, fixieren, fixierung, bez\u00fcglich, f\u00fcr, um, diese, erhalten, logiken<\/div><\/div><\/li><li><div class=\"cprp_data\"><div class=\"cprp_title\"><a href=\"http:\/\/www.vrabek.de\/design\/2015\/12\/18\/fixierung-zum-kriterium-der-normbezogenheit-bezueglich-der-standardisierten-logik\/\" title=\"Fixierung &gt; Zum Kriterium der \u00bbNormbezogenheit\u00ab bez\u00fcglich der standardisierten Logik\">Fixierung > Zum Kriterium der \u00bbNormbezogenheit\u00ab bez\u00fcglich der standardisierten Logik<\/a><\/div><div class=\"cprp_excerpt\"><a href=\"http:\/\/www.vrabek.de\/design\/2015\/12\/18\/fixierung-zum-kriterium-der-normbezogenheit-bezueglich-der-standardisierten-logik\/\" title=\"Fixierung &gt; Zum Kriterium der \u00bbNormbezogenheit\u00ab bez\u00fcglich der standardisierten Logik\"><img src=\"http:\/\/www.vrabek.de\/design\/wp-content\/uploads\/2015\/12\/i_innovativ-1.svg\" class=\"cprp_thumbnail\" title=\"Fixierung &gt; Zum Kriterium der \u00bbNormbezogenheit\u00ab bez\u00fcglich der standardisierten Logik\" alt=\"Fixierung &gt; Zum Kriterium der \u00bbNormbezogenheit\u00ab bez\u00fcglich der standardisierten Logik\" \/><\/a><span class=\"cprp_excerpt_content\">Der erste Schritt zur Manifestation von Medien mit einer standardisierten Logik ist ihre Fixierung durch Normung. Nach einer Definition von Otto Kienzle, einem der Begr\u00fcnder des Deutschen Instituts f\u00fcr Normung eV., ist unter Normung die einmalige, bestimmte L\u00f6sung einer sich wiederholenden Aufgabe unter den jeweils gegebenen wissenschaftlichen, technischen und wirtschaftlichen&hellip;<\/span><\/div><div class=\"cprp_tags\">Tags: f\u00fcr, medien, normbezogenheit, fixierung, diese, logik, bez\u00fcglich<\/div><\/div><\/li><\/ul><\/div><div style=\"clear:both;\"><\/div>","protected":false},"excerpt":{"rendered":"<p>Auf die Aktivation von medialen Logiken folgt als n\u00e4chster Teilprozess die Manifestation. Bez\u00fcglich dessen erstem Subprozess geht es darum, die verschiedenen, f\u00fcr die Erfahrung aktivierten und bereits zur Orientierung dienenden Medien in irgendeiner Form zu fixieren, um auf sie zur\u00fcckgreifen&hellip;  <\/p>\n<p class=\"more-link\"><a href=\"http:\/\/www.vrabek.de\/design\/5-mediales\/5-3-2-subprozesse-im-teilprozess-der-manifestation\/5-3-2-1-kriterien-zum-subprozess-der-fixierung\/\">Continue reading <span class=\"meta-nav\">&rarr;<\/span><\/a><\/p>\n","protected":false},"author":1,"featured_media":0,"parent":345,"menu_order":0,"comment_status":"closed","ping_status":"closed","template":"","meta":[],"_links":{"self":[{"href":"http:\/\/www.vrabek.de\/design\/wp-json\/wp\/v2\/pages\/661"}],"collection":[{"href":"http:\/\/www.vrabek.de\/design\/wp-json\/wp\/v2\/pages"}],"about":[{"href":"http:\/\/www.vrabek.de\/design\/wp-json\/wp\/v2\/types\/page"}],"author":[{"embeddable":true,"href":"http:\/\/www.vrabek.de\/design\/wp-json\/wp\/v2\/users\/1"}],"replies":[{"embeddable":true,"href":"http:\/\/www.vrabek.de\/design\/wp-json\/wp\/v2\/comments?post=661"}],"version-history":[{"count":1,"href":"http:\/\/www.vrabek.de\/design\/wp-json\/wp\/v2\/pages\/661\/revisions"}],"predecessor-version":[{"id":662,"href":"http:\/\/www.vrabek.de\/design\/wp-json\/wp\/v2\/pages\/661\/revisions\/662"}],"up":[{"embeddable":true,"href":"http:\/\/www.vrabek.de\/design\/wp-json\/wp\/v2\/pages\/345"}],"wp:attachment":[{"href":"http:\/\/www.vrabek.de\/design\/wp-json\/wp\/v2\/media?parent=661"}],"curies":[{"name":"wp","href":"https:\/\/api.w.org\/{rel}","templated":true}]}}

<p>Auf die Aktivation von medialen Logiken folgt als nächster Teilprozess die Manifestation. Bezüglich dessen erstem Subprozess geht es darum, die verschiedenen, für die Erfahrung aktivierten und bereits zur Orientierung dienenden Medien in irgendeiner Form zu fixieren, um auf sie zurückgreifen zu können, ohne jedesmal den Aktivationsvorgang wiederholen zu müssen. Die spezifische Eigenlogik der betroffenen Medien gibt für diese Fixierung Bedingungen vor, welche Vor- und Nachteile für die ästhetische Erfahrung mit sich bringen.</p>
<p>Medien mit organischer Logik werden als subjektives Gefühl, eine gefestigte Erfahrung, ein Können, ein Wissen zu haben, durch Verkörperung fixiert. Medien mit kontextueller Logik, erhalten mittels Materialisierung eine raumzeitliche Stabilisierung. Medien mit standardisierter Logik werden durch eine explizite Codierung, Organigramme, Fachsprachen, Bildsymbole, Formeltafeln usw. fixiert. Dementsprechend ergeben sich die Kriterien Verkörperbarkeit, Materialisierbarkeit und Normbezogenheit, die anschließend zu analysieren sind.</p>
<h2 class="cprp_section_title">:: Mehr zum Thema ::</h2><div class="cprp_items list "><ul><li><div class="cprp_data"><div class="cprp_title"><a href="http://www.vrabek.de/design/2015/12/18/fixierung-zum-kriterium-der-verkoerperbarkeit-bezueglich-der-organischen-logik/" title="Fixierung &gt; Zum Kriterium der »Verkörperbarkeit« bezüglich der organischen Logik">Fixierung > Zum Kriterium der »Verkörperbarkeit« bezüglich der organischen Logik</a></div><div class="cprp_excerpt"><a href="http://www.vrabek.de/design/2015/12/18/fixierung-zum-kriterium-der-verkoerperbarkeit-bezueglich-der-organischen-logik/" title="Fixierung &gt; Zum Kriterium der »Verkörperbarkeit« bezüglich der organischen Logik"><img src="http://www.vrabek.de/design/wp-content/uploads/2015/12/i_adaptiv.svg" class="cprp_thumbnail" title="Fixierung &gt; Zum Kriterium der »Verkörperbarkeit« bezüglich der organischen Logik" alt="Fixierung &gt; Zum Kriterium der »Verkörperbarkeit« bezüglich der organischen Logik" /></a><span class="cprp_excerpt_content">Die Fixierung der Kompetenz zur Interaktion mit Medien, welche durch die organische Logik bedingt sind, basiert darauf, dass sie sozusagen »in Fleisch und Blut« übergegangen ist. Dies betrifft die Fähigkeit einer Kassiererin zum schnellen Addieren im Kopf ebenso wie die Fähigkeit einer Sängerin, auf Anhieb den gewünschten Ton treffen zu&hellip;</span></div><div class="cprp_tags">Tags: verkörperbarkeit, fixierung, diese, können, erfahrung, logik, medien, jedesmal, müssen, bezüglich</div></div></li><li><div class="cprp_data"><div class="cprp_title"><a href="http://www.vrabek.de/design/2015/12/18/fixierung-zum-kriterium-der-materialisierbarkeit-bezueglich-der-kontextuellen-logik/" title="Fixierung &gt; Zum Kriterium der »Materialisierbarkeit« bezüglich der kontextuellen Logik">Fixierung > Zum Kriterium der »Materialisierbarkeit« bezüglich der kontextuellen Logik</a></div><div class="cprp_excerpt"><a href="http://www.vrabek.de/design/2015/12/18/fixierung-zum-kriterium-der-materialisierbarkeit-bezueglich-der-kontextuellen-logik/" title="Fixierung &gt; Zum Kriterium der »Materialisierbarkeit« bezüglich der kontextuellen Logik"><img src="http://www.vrabek.de/design/wp-content/uploads/2015/12/i_situativ.svg" class="cprp_thumbnail" title="Fixierung &gt; Zum Kriterium der »Materialisierbarkeit« bezüglich der kontextuellen Logik" alt="Fixierung &gt; Zum Kriterium der »Materialisierbarkeit« bezüglich der kontextuellen Logik" /></a><span class="cprp_excerpt_content">Medien mit kontextueller Logik sind durch ihre Materialisierbarkeit fixierbar. Dies heißt, dass ein Medium nicht für den Lebenskontext zur Verfügung stehen kann, wenn seine Materialisierung beispielsweise aufgrund der unterschiedlichen Materialien oder Bodenschätze, die der naturgegebene Lebensraum enthält, nicht gelingt. Mitbeeinflusst durch diese differierenden Anfangsbedingungen entwickelten sich verschiedene Kulturen. Heutzutage entsteht&hellip;</span></div><div class="cprp_tags">Tags: materialisierbarkeit, logik, fixieren, fixierung, bezüglich, für, um, diese, erhalten, logiken</div></div></li><li><div class="cprp_data"><div class="cprp_title"><a href="http://www.vrabek.de/design/2015/12/18/fixierung-zum-kriterium-der-normbezogenheit-bezueglich-der-standardisierten-logik/" title="Fixierung &gt; Zum Kriterium der »Normbezogenheit« bezüglich der standardisierten Logik">Fixierung > Zum Kriterium der »Normbezogenheit« bezüglich der standardisierten Logik</a></div><div class="cprp_excerpt"><a href="http://www.vrabek.de/design/2015/12/18/fixierung-zum-kriterium-der-normbezogenheit-bezueglich-der-standardisierten-logik/" title="Fixierung &gt; Zum Kriterium der »Normbezogenheit« bezüglich der standardisierten Logik"><img src="http://www.vrabek.de/design/wp-content/uploads/2015/12/i_innovativ-1.svg" class="cprp_thumbnail" title="Fixierung &gt; Zum Kriterium der »Normbezogenheit« bezüglich der standardisierten Logik" alt="Fixierung &gt; Zum Kriterium der »Normbezogenheit« bezüglich der standardisierten Logik" /></a><span class="cprp_excerpt_content">Der erste Schritt zur Manifestation von Medien mit einer standardisierten Logik ist ihre Fixierung durch Normung. Nach einer Definition von Otto Kienzle, einem der Begründer des Deutschen Instituts für Normung eV., ist unter Normung die einmalige, bestimmte Lösung einer sich wiederholenden Aufgabe unter den jeweils gegebenen wissenschaftlichen, technischen und wirtschaftlichen&hellip;</span></div><div class="cprp_tags">Tags: für, medien, normbezogenheit, fixierung, diese, logik, bezüglich</div></div></li></ul></div><div style="clear:both;"></div>

<p>Auf die Aktivation von medialen Logiken folgt als nächster Teilprozess die Manifestation. Bezüglich dessen erstem Subprozess geht es darum, die verschiedenen, für die Erfahrung aktivierten und bereits zur Orientierung dienenden Medien in irgendeiner Form zu fixieren, um auf sie zurückgreifen&hellip;  </p>
<p class="more-link"><a href="http://www.vrabek.de/design/5-mediales/5-3-2-subprozesse-im-teilprozess-der-manifestation/5-3-2-1-kriterien-zum-subprozess-der-fixierung/">Continue reading <span class="meta-nav">&rarr;</span></a></p>
