{"id":659,"date":"2015-12-18T19:07:03","date_gmt":"2015-12-18T18:07:03","guid":{"rendered":"http:\/\/www.vrabek.de\/design\/?page_id=659"},"modified":"2020-12-28T20:42:37","modified_gmt":"2020-12-28T19:42:37","slug":"5-3-1-3-kriterien-zum-subprozess-der-entwicklung","status":"publish","type":"page","link":"http:\/\/www.vrabek.de\/design\/5-mediales\/5-3-1-3-kriterien-zum-subprozess-der-entwicklung\/","title":{"rendered":"5.3.1.3 Kriterien zum Subprozess der Entwicklung"},"content":{"rendered":"<p>Als dritter wichtiger Subprozess der Aktivation als Teilprozess der Interaktion mit Medien, ist neben Erzeugung und Verbesserung die Entwicklung zu untersuchen. Auch dieser Subprozess der Aktivation von Medien unterliegt den Bedingungen der medialen Logiken, wird aber nicht von ihnen beherrscht. Ohne das menschliche aktivierende T\u00e4tigsein als Antrieb k\u00f6nnen sich Medien zwar eigendynamisch ver\u00e4ndern und zuf\u00e4llig eine Verbesserung oder Verschlechterung eines Zustands bewirken, sie entwickeln sich jedoch nicht im Sinne einer verselbst\u00e4ndigten Evolution. F\u00fcr die Entwicklung auf ein antizipiertes Ziel hin ist der aktive menschliche Einsatz notwendig (<a href=\"\/design\/6-antizipierendes\/6-1-modell-zur-organisationsdynamik-der-antizipierenden-komponente\/\">vgl. Kapitel 6<\/a>). Zum Erfolg dieser Aktivit\u00e4t mit dem Ziel der Entwicklung geh\u00f6rt zur weltbezogenen, interaktiven Erfahrungsdimension das Kriterium der Trainierbarkeit f\u00fcr Medien mit organischer, die Vernetzbarkeit f\u00fcr solche mit kontextueller und die Systematisierbarkeit f\u00fcr Medien mit standardisierter Logik.<\/p>\n<h2 class=\"cprp_section_title\">:: Mehr zum Thema ::<\/h2><div class=\"cprp_items list \"><ul><li><div class=\"cprp_data\"><div class=\"cprp_title\"><a href=\"http:\/\/www.vrabek.de\/design\/2015\/12\/18\/entwicklung-zum-kriterium-der-trainierbarkeit-bezueglich-der-organischen-logik\/\" title=\"Entwicklung &gt; Zum Kriterium der \u00bbTrainierbarkeit\u00ab bez\u00fcglich der organischen Logik\">Entwicklung > Zum Kriterium der \u00bbTrainierbarkeit\u00ab bez\u00fcglich der organischen Logik<\/a><\/div><div class=\"cprp_excerpt\"><a href=\"http:\/\/www.vrabek.de\/design\/2015\/12\/18\/entwicklung-zum-kriterium-der-trainierbarkeit-bezueglich-der-organischen-logik\/\" title=\"Entwicklung &gt; Zum Kriterium der \u00bbTrainierbarkeit\u00ab bez\u00fcglich der organischen Logik\"><img src=\"http:\/\/www.vrabek.de\/design\/wp-content\/uploads\/2015\/12\/i_adaptiv.svg\" class=\"cprp_thumbnail\" title=\"Entwicklung &gt; Zum Kriterium der \u00bbTrainierbarkeit\u00ab bez\u00fcglich der organischen Logik\" alt=\"Entwicklung &gt; Zum Kriterium der \u00bbTrainierbarkeit\u00ab bez\u00fcglich der organischen Logik\" \/><\/a><span class=\"cprp_excerpt_content\">Spielerisch werden die Grenzen der organischen Logik erforscht und mittels Variieren deren M\u00f6glichkeiten entfaltet. Diese Vielfalt b\u00fcndelt sich durch die Auswahl eines angestrebten Ziels und entwickelt sich durch Trainieren weiter auf ein spezifisches Konzentrat der organischen Medien hin. Jedes Individuum stellt eine solch einzigartige Ausformung der organischen Medien dar. Dieses&hellip;<\/span><\/div><div class=\"cprp_tags\">Tags: medien, kriterium, ohne, trainierbarkeit, logik<\/div><\/div><\/li><li><div class=\"cprp_data\"><div class=\"cprp_title\"><a href=\"http:\/\/www.vrabek.de\/design\/2015\/12\/18\/entwicklung-kriterium-der-vernetzbarkeit-bezueglich-der-kontextuellen-logik\/\" title=\"Entwicklung &gt; Kriterium der \u00bbVernetzbarkeit\u00ab bez\u00fcglich der kontextuellen Logik\">Entwicklung > Kriterium der \u00bbVernetzbarkeit\u00ab bez\u00fcglich der kontextuellen Logik<\/a><\/div><div class=\"cprp_excerpt\"><a href=\"http:\/\/www.vrabek.de\/design\/2015\/12\/18\/entwicklung-kriterium-der-vernetzbarkeit-bezueglich-der-kontextuellen-logik\/\" title=\"Entwicklung &gt; Kriterium der \u00bbVernetzbarkeit\u00ab bez\u00fcglich der kontextuellen Logik\"><img src=\"http:\/\/www.vrabek.de\/design\/wp-content\/uploads\/2015\/12\/i_situativ.svg\" class=\"cprp_thumbnail\" title=\"Entwicklung &gt; Kriterium der \u00bbVernetzbarkeit\u00ab bez\u00fcglich der kontextuellen Logik\" alt=\"Entwicklung &gt; Kriterium der \u00bbVernetzbarkeit\u00ab bez\u00fcglich der kontextuellen Logik\" \/><\/a><span class=\"cprp_excerpt_content\">Die Entwicklung als dritter Teilschritt der Aktivation von Medien mit kontextueller Logik erfolgt durch ihre zunehmende Vernetzung und dadurch erleichterte Ausbauf\u00e4higkeit im Lebenskontext. Selten findet eine kontextbezogene Interaktion mit nur einem Medium statt, meist werden mehrere Medien in unterschiedlichen Kombinationen parallel genutzt. So geh\u00f6rt zu einem Kinobesuch beispielsweise auch die&hellip;<\/span><\/div><div class=\"cprp_tags\">Tags: vernetzbarkeit, entwicklung, kriterium, logik, medien, geh\u00f6rt, kontextueller, aktivation, dritter, interaktion<\/div><\/div><\/li><li><div class=\"cprp_data\"><div class=\"cprp_title\"><a href=\"http:\/\/www.vrabek.de\/design\/2015\/12\/18\/entwicklung-zum-kriterium-der-systematisierbarkeit-bezueglich-der-standardisierten-logik\/\" title=\"Entwicklung &gt; Zum Kriterium der \u00bbSystematisierbarkeit\u00ab bez\u00fcglich der standardisierten Logik\">Entwicklung > Zum Kriterium der \u00bbSystematisierbarkeit\u00ab bez\u00fcglich der standardisierten Logik<\/a><\/div><div class=\"cprp_excerpt\"><a href=\"http:\/\/www.vrabek.de\/design\/2015\/12\/18\/entwicklung-zum-kriterium-der-systematisierbarkeit-bezueglich-der-standardisierten-logik\/\" title=\"Entwicklung &gt; Zum Kriterium der \u00bbSystematisierbarkeit\u00ab bez\u00fcglich der standardisierten Logik\"><img src=\"http:\/\/www.vrabek.de\/design\/wp-content\/uploads\/2015\/12\/i_innovativ-1.svg\" class=\"cprp_thumbnail\" title=\"Entwicklung &gt; Zum Kriterium der \u00bbSystematisierbarkeit\u00ab bez\u00fcglich der standardisierten Logik\" alt=\"Entwicklung &gt; Zum Kriterium der \u00bbSystematisierbarkeit\u00ab bez\u00fcglich der standardisierten Logik\" \/><\/a><span class=\"cprp_excerpt_content\">Durch die Simulierbarkeit sind Medien mit standardisierten Logiken korrigierbar. Dadurch ist eine wesentliche Voraussetzung f\u00fcr das Kriterium der Systematisierbarkeit der schwerpunktm\u00e4\u00dfig auf Medien mit standardisierten Logiken ausgerichtete Interaktion als zielgerichtete Entwicklung und zunehmende Festigung von ausgew\u00e4hlten L\u00f6sungsalternativen gegeben. Trotzdem wird durch die Systematisierbarkeit als dem dritten Aspekt der Aktivation einer&hellip;<\/span><\/div><div class=\"cprp_tags\">Tags: systematisierbarkeit, kriterium, medien, logiken, logik, entwicklung, interaktion<\/div><\/div><\/li><\/ul><\/div><div style=\"clear:both;\"><\/div>","protected":false},"excerpt":{"rendered":"<p>Als dritter wichtiger Subprozess der Aktivation als Teilprozess der Interaktion mit Medien, ist neben Erzeugung und Verbesserung die Entwicklung zu untersuchen. Auch dieser Subprozess der Aktivation von Medien unterliegt den Bedingungen der medialen Logiken, wird aber nicht von ihnen beherrscht.&hellip;  <\/p>\n<p class=\"more-link\"><a href=\"http:\/\/www.vrabek.de\/design\/5-mediales\/5-3-1-3-kriterien-zum-subprozess-der-entwicklung\/\">Continue reading <span class=\"meta-nav\">&rarr;<\/span><\/a><\/p>\n","protected":false},"author":1,"featured_media":0,"parent":63,"menu_order":0,"comment_status":"closed","ping_status":"closed","template":"","meta":[],"_links":{"self":[{"href":"http:\/\/www.vrabek.de\/design\/wp-json\/wp\/v2\/pages\/659"}],"collection":[{"href":"http:\/\/www.vrabek.de\/design\/wp-json\/wp\/v2\/pages"}],"about":[{"href":"http:\/\/www.vrabek.de\/design\/wp-json\/wp\/v2\/types\/page"}],"author":[{"embeddable":true,"href":"http:\/\/www.vrabek.de\/design\/wp-json\/wp\/v2\/users\/1"}],"replies":[{"embeddable":true,"href":"http:\/\/www.vrabek.de\/design\/wp-json\/wp\/v2\/comments?post=659"}],"version-history":[{"count":2,"href":"http:\/\/www.vrabek.de\/design\/wp-json\/wp\/v2\/pages\/659\/revisions"}],"predecessor-version":[{"id":1337,"href":"http:\/\/www.vrabek.de\/design\/wp-json\/wp\/v2\/pages\/659\/revisions\/1337"}],"up":[{"embeddable":true,"href":"http:\/\/www.vrabek.de\/design\/wp-json\/wp\/v2\/pages\/63"}],"wp:attachment":[{"href":"http:\/\/www.vrabek.de\/design\/wp-json\/wp\/v2\/media?parent=659"}],"curies":[{"name":"wp","href":"https:\/\/api.w.org\/{rel}","templated":true}]}}

<p>Als dritter wichtiger Subprozess der Aktivation als Teilprozess der Interaktion mit Medien, ist neben Erzeugung und Verbesserung die Entwicklung zu untersuchen. Auch dieser Subprozess der Aktivation von Medien unterliegt den Bedingungen der medialen Logiken, wird aber nicht von ihnen beherrscht. Ohne das menschliche aktivierende Tätigsein als Antrieb können sich Medien zwar eigendynamisch verändern und zufällig eine Verbesserung oder Verschlechterung eines Zustands bewirken, sie entwickeln sich jedoch nicht im Sinne einer verselbständigten Evolution. Für die Entwicklung auf ein antizipiertes Ziel hin ist der aktive menschliche Einsatz notwendig (<a href="/design/6-antizipierendes/6-1-modell-zur-organisationsdynamik-der-antizipierenden-komponente/">vgl. Kapitel 6</a>). Zum Erfolg dieser Aktivität mit dem Ziel der Entwicklung gehört zur weltbezogenen, interaktiven Erfahrungsdimension das Kriterium der Trainierbarkeit für Medien mit organischer, die Vernetzbarkeit für solche mit kontextueller und die Systematisierbarkeit für Medien mit standardisierter Logik.</p>
<h2 class="cprp_section_title">:: Mehr zum Thema ::</h2><div class="cprp_items list "><ul><li><div class="cprp_data"><div class="cprp_title"><a href="http://www.vrabek.de/design/2015/12/18/entwicklung-zum-kriterium-der-trainierbarkeit-bezueglich-der-organischen-logik/" title="Entwicklung &gt; Zum Kriterium der »Trainierbarkeit« bezüglich der organischen Logik">Entwicklung > Zum Kriterium der »Trainierbarkeit« bezüglich der organischen Logik</a></div><div class="cprp_excerpt"><a href="http://www.vrabek.de/design/2015/12/18/entwicklung-zum-kriterium-der-trainierbarkeit-bezueglich-der-organischen-logik/" title="Entwicklung &gt; Zum Kriterium der »Trainierbarkeit« bezüglich der organischen Logik"><img src="http://www.vrabek.de/design/wp-content/uploads/2015/12/i_adaptiv.svg" class="cprp_thumbnail" title="Entwicklung &gt; Zum Kriterium der »Trainierbarkeit« bezüglich der organischen Logik" alt="Entwicklung &gt; Zum Kriterium der »Trainierbarkeit« bezüglich der organischen Logik" /></a><span class="cprp_excerpt_content">Spielerisch werden die Grenzen der organischen Logik erforscht und mittels Variieren deren Möglichkeiten entfaltet. Diese Vielfalt bündelt sich durch die Auswahl eines angestrebten Ziels und entwickelt sich durch Trainieren weiter auf ein spezifisches Konzentrat der organischen Medien hin. Jedes Individuum stellt eine solch einzigartige Ausformung der organischen Medien dar. Dieses&hellip;</span></div><div class="cprp_tags">Tags: medien, kriterium, ohne, trainierbarkeit, logik</div></div></li><li><div class="cprp_data"><div class="cprp_title"><a href="http://www.vrabek.de/design/2015/12/18/entwicklung-kriterium-der-vernetzbarkeit-bezueglich-der-kontextuellen-logik/" title="Entwicklung &gt; Kriterium der »Vernetzbarkeit« bezüglich der kontextuellen Logik">Entwicklung > Kriterium der »Vernetzbarkeit« bezüglich der kontextuellen Logik</a></div><div class="cprp_excerpt"><a href="http://www.vrabek.de/design/2015/12/18/entwicklung-kriterium-der-vernetzbarkeit-bezueglich-der-kontextuellen-logik/" title="Entwicklung &gt; Kriterium der »Vernetzbarkeit« bezüglich der kontextuellen Logik"><img src="http://www.vrabek.de/design/wp-content/uploads/2015/12/i_situativ.svg" class="cprp_thumbnail" title="Entwicklung &gt; Kriterium der »Vernetzbarkeit« bezüglich der kontextuellen Logik" alt="Entwicklung &gt; Kriterium der »Vernetzbarkeit« bezüglich der kontextuellen Logik" /></a><span class="cprp_excerpt_content">Die Entwicklung als dritter Teilschritt der Aktivation von Medien mit kontextueller Logik erfolgt durch ihre zunehmende Vernetzung und dadurch erleichterte Ausbaufähigkeit im Lebenskontext. Selten findet eine kontextbezogene Interaktion mit nur einem Medium statt, meist werden mehrere Medien in unterschiedlichen Kombinationen parallel genutzt. So gehört zu einem Kinobesuch beispielsweise auch die&hellip;</span></div><div class="cprp_tags">Tags: vernetzbarkeit, entwicklung, kriterium, logik, medien, gehört, kontextueller, aktivation, dritter, interaktion</div></div></li><li><div class="cprp_data"><div class="cprp_title"><a href="http://www.vrabek.de/design/2015/12/18/entwicklung-zum-kriterium-der-systematisierbarkeit-bezueglich-der-standardisierten-logik/" title="Entwicklung &gt; Zum Kriterium der »Systematisierbarkeit« bezüglich der standardisierten Logik">Entwicklung > Zum Kriterium der »Systematisierbarkeit« bezüglich der standardisierten Logik</a></div><div class="cprp_excerpt"><a href="http://www.vrabek.de/design/2015/12/18/entwicklung-zum-kriterium-der-systematisierbarkeit-bezueglich-der-standardisierten-logik/" title="Entwicklung &gt; Zum Kriterium der »Systematisierbarkeit« bezüglich der standardisierten Logik"><img src="http://www.vrabek.de/design/wp-content/uploads/2015/12/i_innovativ-1.svg" class="cprp_thumbnail" title="Entwicklung &gt; Zum Kriterium der »Systematisierbarkeit« bezüglich der standardisierten Logik" alt="Entwicklung &gt; Zum Kriterium der »Systematisierbarkeit« bezüglich der standardisierten Logik" /></a><span class="cprp_excerpt_content">Durch die Simulierbarkeit sind Medien mit standardisierten Logiken korrigierbar. Dadurch ist eine wesentliche Voraussetzung für das Kriterium der Systematisierbarkeit der schwerpunktmäßig auf Medien mit standardisierten Logiken ausgerichtete Interaktion als zielgerichtete Entwicklung und zunehmende Festigung von ausgewählten Lösungsalternativen gegeben. Trotzdem wird durch die Systematisierbarkeit als dem dritten Aspekt der Aktivation einer&hellip;</span></div><div class="cprp_tags">Tags: systematisierbarkeit, kriterium, medien, logiken, logik, entwicklung, interaktion</div></div></li></ul></div><div style="clear:both;"></div>
