{"id":398,"date":"2015-12-16T18:29:43","date_gmt":"2015-12-16T17:29:43","guid":{"rendered":"http:\/\/www.vrabek.de\/design\/?page_id=398"},"modified":"2018-05-05T17:40:36","modified_gmt":"2018-05-05T15:40:36","slug":"6-1-1-querkausalitaet-durch-referenzprozesse","status":"publish","type":"page","link":"http:\/\/www.vrabek.de\/design\/6-antizipierendes\/6-1-modell-zur-organisationsdynamik-der-antizipierenden-komponente\/6-1-1-querkausalitaet-durch-referenzprozesse\/","title":{"rendered":"6.1.1 Querkausalit\u00e4t durch Referenzprozesse"},"content":{"rendered":"<p>Alle an der Erfahrungskreation beteiligten Prozesse beeinflussen einander. So pr\u00e4gt sich die somatische subliminale Tendenz bei der Mehrzahl der Menschen, die in warmen Klimazonen leben, gegen\u00fcber solchen, die in k\u00fchlen Regionen leben unterschiedlich aus, wechselwirkt also mit der kontextuellen medialen Logik. Eine Wechselwirkung zwischen der subliminalen und der sozialen Komponente bedeutet, dass sich die subliminalen Tendenzen, die prim\u00e4r das individuelle Verhalten beeinflussen, auch auf die Beteiligung an der Kommunikation und somit auf die sozialen Strukturen auswirken. Beispielsweise wird ein Mensch, der bevorzugt seiner explorativen Tendenz folgt, in einer Gruppe, deren Mitglieder sich verstehen, weil sie alle eher von der introvertierten Tendenz beeinflusst sind, wahrscheinlich mit seinem Kommunikationsbeitrag bald negativ auffallen und aus der Gruppenkommunikation zunehmend ausgeschlossen werden. Diese Ablehnung seiner Kommunikationsaktivit\u00e4t kann wiederum dazu f\u00fchren, dass die somatische Tendenz Priorit\u00e4t gewinnt, er also beispielsweise einen unruhigen, nerv\u00f6sen Bewegungsdrang ausbildet, der wiederum auf die Gruppenkommunikation zur\u00fcckwirkt. Die Funktion der antizipativen Komponente innerhalb dieser Korrelation aller Komponenten besteht nun darin, zun\u00e4chst mit Referenz auf Prozesse der anderen Komponenten deren m\u00f6glichen Verlauf gedanklich vorherzusehen und anschlie\u00dfend regulierende Ma\u00dfnahmen zu erw\u00e4gen, welche gegebenenfalls zu einem besseren Verlauf f\u00fchren k\u00f6nnten.<\/p>\n<p>Im Rahmen dieser Untersuchung sind nicht alle Querkausalit\u00e4ten der verschiedenen Prozesse analysierbar. Deshalb wird die Anzahl der Referenzprozesse deren Bezug zur antizipierenden Komponente genauer dargestellt werden soll, auf die Hauptprozesse der gef\u00fchlsbezogenen und der bedingenden Komponenten, also die Prozesse der Evaluation, der Akkumulation, der Selektion und der Limitation, eingegrenzt. Um erstens den m\u00f6glichen Verlauf dieser Prozesse und ihrer Wechselwirkungen antizipieren zu k\u00f6nnen, ist der R\u00fcckgriff auf die detaillierten Analysen der jeweiligen Komponenten wie sie vom zweiten bis zum f\u00fcnften Kapitel der vorliegenden Untersuchung erfolgte, also auf einen konstatierbaren Ist-Zustand, n\u00f6tig. Um zweitens regulierende, verbessernde Ma\u00dfnahmen in Betracht ziehen zu k\u00f6nnen, muss eine Zielvorstellung, die Antizipation eines Soll-Zustands, vorhanden sein. Die Explizierung dieser Zielvorstellung, welche sich nicht allein mittels der Analyse eines vorhandenen Ist-Zustands ableiten l\u00e4sst, bestimmt die spezifische Thematik der antizipierenden Komponente.<\/p>\n","protected":false},"excerpt":{"rendered":"<p>Alle an der Erfahrungskreation beteiligten Prozesse beeinflussen einander. So pr\u00e4gt sich die somatische subliminale Tendenz bei der Mehrzahl der Menschen, die in warmen Klimazonen leben, gegen\u00fcber solchen, die in k\u00fchlen Regionen leben unterschiedlich aus, wechselwirkt also mit der kontextuellen medialen&hellip;  <\/p>\n<p class=\"more-link\"><a href=\"http:\/\/www.vrabek.de\/design\/6-antizipierendes\/6-1-modell-zur-organisationsdynamik-der-antizipierenden-komponente\/6-1-1-querkausalitaet-durch-referenzprozesse\/\">Continue reading <span class=\"meta-nav\">&rarr;<\/span><\/a><\/p>\n","protected":false},"author":1,"featured_media":0,"parent":392,"menu_order":0,"comment_status":"closed","ping_status":"closed","template":"","meta":[],"_links":{"self":[{"href":"http:\/\/www.vrabek.de\/design\/wp-json\/wp\/v2\/pages\/398"}],"collection":[{"href":"http:\/\/www.vrabek.de\/design\/wp-json\/wp\/v2\/pages"}],"about":[{"href":"http:\/\/www.vrabek.de\/design\/wp-json\/wp\/v2\/types\/page"}],"author":[{"embeddable":true,"href":"http:\/\/www.vrabek.de\/design\/wp-json\/wp\/v2\/users\/1"}],"replies":[{"embeddable":true,"href":"http:\/\/www.vrabek.de\/design\/wp-json\/wp\/v2\/comments?post=398"}],"version-history":[{"count":2,"href":"http:\/\/www.vrabek.de\/design\/wp-json\/wp\/v2\/pages\/398\/revisions"}],"predecessor-version":[{"id":589,"href":"http:\/\/www.vrabek.de\/design\/wp-json\/wp\/v2\/pages\/398\/revisions\/589"}],"up":[{"embeddable":true,"href":"http:\/\/www.vrabek.de\/design\/wp-json\/wp\/v2\/pages\/392"}],"wp:attachment":[{"href":"http:\/\/www.vrabek.de\/design\/wp-json\/wp\/v2\/media?parent=398"}],"curies":[{"name":"wp","href":"https:\/\/api.w.org\/{rel}","templated":true}]}}