{"id":355,"date":"2015-12-16T15:35:43","date_gmt":"2015-12-16T14:35:43","guid":{"rendered":"http:\/\/www.vrabek.de\/design\/?page_id=355"},"modified":"2018-10-04T16:01:20","modified_gmt":"2018-10-04T14:01:20","slug":"4-3-1-subprozesse-im-teilprozess-der-konvention","status":"publish","type":"page","link":"http:\/\/www.vrabek.de\/design\/4-soziales\/4-3-aesthetische-kriterien-fuer-design-in-korrespondenz-zu-sozialen-organisationsstrukturen\/4-3-1-subprozesse-im-teilprozess-der-konvention\/","title":{"rendered":"4.3.1 Subprozesse im Teilprozess der Konvention"},"content":{"rendered":"<p>Eine soziale Organisation festigt und verdinglicht sich als soziale Wirklichkeit, durch die Konventionen, die mit ihr in Zusammenhang stehen. Der soziale Teilprozess der Ausbildung von Konventionen definiert ein soziales System strukturell, zeitbezogen und inhaltlich. Dementsprechend kann es weiter untergliedert werden. Grundlegend f\u00fcr die strukturelle Ausrichtung des Kommunikationsflusses in einem sozialen System ist das geltende Wertungsprinzip. F\u00fcr den dauerhaften Bestand des Systems bildet die der Konvention gem\u00e4\u00dfe Auslegung von Wandlungsprozessen die zweite elementare Orientierungsgr\u00f6\u00dfe. Drittens ist das jeweils systemspezifische Entwicklungsziel durch die Konvention mitdefiniert.<\/p>\n<p>Durch langfristige Kommunikation ausgeformte und verfestigte Konventionen werden schlie\u00dflich durch die Institutionalisierung eines sozialen Systems stabilisiert. Schon vor der kommunikativen Entwicklung eines sozialen Systems w\u00e4re in Bezug auf die Sache emotionslos von den beteiligten sozialen Akteuren zu entscheiden, welches Wertungsprinzip und welcher Umgang mit der Wandelbarkeit des Systems f\u00fcr das jeweils beabsichtigte Entwicklungsziel besonders geeignet ist. Diese gezielte Planung und Implementierung des geeigneten Strukturtyps und der Konvention gelingt beispielsweise beim Aufbau von neuen Firmen. Meist formiert sich jedoch bereits im Verlauf des Stabilisierungsprozesses ein bestimmter Strukturtyp aus. Weil die sozialen Akteure schon w\u00e4hrend der Aufbauphase vorgefasste Erwartungen an die kommunikative Dimension der \u00e4sthetischen Erfahrung, die sie mit der Orientierung an diesem System verbinden, einflie\u00dfen lassen, stellen sie dadurch die Weichen f\u00fcr das Entstehen von strukturtypischen Konventionen. So lehnen zum Beispiel viele sozial engagierte Menschen den hierarchischen Strukturtyp ab, nicht nur als Form des Zusammenlebens, sondern auch bez\u00fcglich der Organisation ihrer Arbeit, obwohl diese vielleicht effizienter mittels dem Bezug auf einen hierarchischen, als auf den meist gew\u00e4hlten integrativen Strukturtyp erfolgen k\u00f6nnte.<\/p>\n<p>Sp\u00e4ter hinzukommende soziale Akteure m\u00fcssen diese elementaren Konventionen und den durch diese mitbestimmten Strukturtyp sowie die thematische Grundrichtung des sozialen Systems zun\u00e4chst akzeptieren. Die sich daraus ergebenden Konsequenzen betreffen in erster Linie den Teilprozess der Partizipation. Durch den Teilprozess der Generierung von Konventionen werden somit die h\u00e4rtesten Bedingungen f\u00fcr die kommunikative Dimension der \u00e4sthetischen Erfahrung festgelegt. Dies geschieht in drei differenzierbaren Subprozessen, der Wertbestimmung, der Wandlung und der Zielsetzung.<\/p>\n<h2 class=\"cprp_section_title\">:: Mehr zum Thema ::<\/h2><div class=\"cprp_items list \"><ul><li><div class=\"cprp_data\"><div class=\"cprp_title\"><a href=\"http:\/\/www.vrabek.de\/design\/4-soziales\/4-3-aesthetische-kriterien-fuer-design-in-korrespondenz-zu-sozialen-organisationsstrukturen\/4-3-1-subprozesse-im-teilprozess-der-konvention\/4-3-1-1-kriterien-zum-subprozess-der-wertbestimmung\/\" title=\"4.3.1.1 Kriterien zum Subprozess der Wertbestimmung\">4.3.1.1 Kriterien zum Subprozess der Wertbestimmung<\/a><\/div><div class=\"cprp_excerpt\"><span class=\"cprp_excerpt_content\">Durch die Wertbestimmung wird gleichsam als verbindene Seele der grundlegende Strukturtyp eines sozialen Systems festgelegt. In diesem Subprozess wird entschieden, ob die Kommunikationsbeitr\u00e4ge gleichm\u00e4\u00dfig aufeinander abgestimmt, ob sie nach einer Zielvorgabe bewertet und unterschiedlichen Niveaus zugeordnet werden oder ob sie problemorientiert in Relation zum Einzelfall in die dementsprechende Richtung zu&hellip;<\/span><\/div><div class=\"cprp_tags\">Tags: wertbestimmung, sozialen, bedingungen, diese, wertungsprinzip, akteure, hierarchischen, bez\u00fcglich, integrativen, festgelegt<\/div><\/div><\/li><li><div class=\"cprp_data\"><div class=\"cprp_title\"><a href=\"http:\/\/www.vrabek.de\/design\/4-soziales\/4-3-aesthetische-kriterien-fuer-design-in-korrespondenz-zu-sozialen-organisationsstrukturen\/4-3-1-subprozesse-im-teilprozess-der-konvention\/4-3-1-2-kriterien-zum-subprozess-der-wandlung\/\" title=\"4.3.1.2 Kriterien zum Subprozess der Wandlung\">4.3.1.2 Kriterien zum Subprozess der Wandlung<\/a><\/div><div class=\"cprp_excerpt\"><span class=\"cprp_excerpt_content\">Indem viele Individuen ihre Verhaltensorientierung an einer der drei Strukturen ausrichten, verst\u00e4rkt sich durch wechselseitig best\u00e4tigende Kommunikation die Vorstellung von der Richtigkeit und allgemeinen Verbindlichkeit der gew\u00e4hlten Struktur und des entsprechenden Wandels der gemeinsamen Wirklichkeit. Beispielsweise wird die Wandelbarkeit bez\u00fcglich der integrativen Struktur als schicksalhaft und zwangsl\u00e4ufig aus dem in&hellip;<\/span><\/div><div class=\"cprp_tags\">Tags: wandlung, bez\u00fcglich, integrativen, systems, zun\u00e4chst, konsequenzen, erfahrung, kommunikation, gew\u00e4hlten, wirklichkeit<\/div><\/div><\/li><li><div class=\"cprp_data\"><div class=\"cprp_title\"><a href=\"http:\/\/www.vrabek.de\/design\/4-soziales\/4-3-aesthetische-kriterien-fuer-design-in-korrespondenz-zu-sozialen-organisationsstrukturen\/4-3-1-subprozesse-im-teilprozess-der-konvention\/4-3-1-3-kriterien-zum-subprozess-der-zielsetzung\/\" title=\"4.3.1.3 Kriterien zum Subprozess der Zielsetzung\">4.3.1.3 Kriterien zum Subprozess der Zielsetzung<\/a><\/div><div class=\"cprp_excerpt\"><span class=\"cprp_excerpt_content\">Jede der drei Strukturen kann langfristig bestehen. Es gibt daher die M\u00f6glichkeit, dass die beteiligten sozialen Akteure gemeinsame Ziele f\u00fcr die zuk\u00fcnftige Entwicklung des kommunikativen Systems setzen. Die Weise, auf die der Faktor Zeit und die m\u00f6gliche Antizipation von Zielen bei der kommunikativen Beeinflussung der Entwicklungsziele Ber\u00fccksichtigung finden, ist hinsichtlich&hellip;<\/span><\/div><div class=\"cprp_tags\">Tags: kommunikativen, zielsetzung, strukturtyp, erfahrung, integrativen, bez\u00fcglich, hierarchischen, beteiligten, sozialen, akteure<\/div><\/div><\/li><\/ul><\/div><div style=\"clear:both;\"><\/div>","protected":false},"excerpt":{"rendered":"<p>Eine soziale Organisation festigt und verdinglicht sich als soziale Wirklichkeit, durch die Konventionen, die mit ihr in Zusammenhang stehen. Der soziale Teilprozess der Ausbildung von Konventionen definiert ein soziales System strukturell, zeitbezogen und inhaltlich. Dementsprechend kann es weiter untergliedert werden.&hellip;  <\/p>\n<p class=\"more-link\"><a href=\"http:\/\/www.vrabek.de\/design\/4-soziales\/4-3-aesthetische-kriterien-fuer-design-in-korrespondenz-zu-sozialen-organisationsstrukturen\/4-3-1-subprozesse-im-teilprozess-der-konvention\/\">Continue reading <span class=\"meta-nav\">&rarr;<\/span><\/a><\/p>\n","protected":false},"author":1,"featured_media":0,"parent":353,"menu_order":0,"comment_status":"closed","ping_status":"closed","template":"","meta":[],"_links":{"self":[{"href":"http:\/\/www.vrabek.de\/design\/wp-json\/wp\/v2\/pages\/355"}],"collection":[{"href":"http:\/\/www.vrabek.de\/design\/wp-json\/wp\/v2\/pages"}],"about":[{"href":"http:\/\/www.vrabek.de\/design\/wp-json\/wp\/v2\/types\/page"}],"author":[{"embeddable":true,"href":"http:\/\/www.vrabek.de\/design\/wp-json\/wp\/v2\/users\/1"}],"replies":[{"embeddable":true,"href":"http:\/\/www.vrabek.de\/design\/wp-json\/wp\/v2\/comments?post=355"}],"version-history":[{"count":3,"href":"http:\/\/www.vrabek.de\/design\/wp-json\/wp\/v2\/pages\/355\/revisions"}],"predecessor-version":[{"id":565,"href":"http:\/\/www.vrabek.de\/design\/wp-json\/wp\/v2\/pages\/355\/revisions\/565"}],"up":[{"embeddable":true,"href":"http:\/\/www.vrabek.de\/design\/wp-json\/wp\/v2\/pages\/353"}],"wp:attachment":[{"href":"http:\/\/www.vrabek.de\/design\/wp-json\/wp\/v2\/media?parent=355"}],"curies":[{"name":"wp","href":"https:\/\/api.w.org\/{rel}","templated":true}]}}