{"id":337,"date":"2015-12-16T15:02:41","date_gmt":"2015-12-16T14:02:41","guid":{"rendered":"http:\/\/www.vrabek.de\/design\/?page_id=337"},"modified":"2018-05-08T22:41:39","modified_gmt":"2018-05-08T20:41:39","slug":"3-3-2-subprozesse-im-teilprozess-der-kognition","status":"publish","type":"page","link":"http:\/\/www.vrabek.de\/design\/3-subliminales\/3-3-aesthetische-kriterien-fuer-design-in-korrespondenz-zu-subliminalen-organisationstendenzen\/3-3-2-subprozesse-im-teilprozess-der-kognition\/","title":{"rendered":"3.3.2 Subprozesse im Teilprozess der Kognition"},"content":{"rendered":"<p>Der Kognitionsbegriff nimmt seit seinem Aufkommen in den sechziger Jahren eine zentrale Rolle in der Psychologie und in anderen Wissenschaften ein. Die Begriffsdefinitionen sind vielf\u00e4ltig und reichen von der sehr engen Bezeichnung der h\u00f6heren geistigen F\u00e4higkeiten zu weiten Begriffsfeldern wie bei Maturana. Im vorliegenden Zusammenhang reicht es aus, das Bedeutungsfeld wie folgt, grob zu umrei\u00dfen. Die Kognition als einer der drei Teilprozesse psychischer Aktivit\u00e4t umfasst alle sortierenden T\u00e4tigkeiten. Diese k\u00f6nnen mit und ohne bewusste Reflexion ablaufen und beziehen sich sowohl auf sprachliches Denken, als auch auf multimodales \u00e4sthetisches Material wie Wahrnehmungen, Vorstellungen und Phantasien. Diese kognitive Funktion des Sortierens ist durch drei Subprozesse gliederbar. Aus deren Analyse bez\u00fcglich der subliminalen Tendenzen und deren Einfluss auf die Erfahrung ergeben sich entsprechende Kriterien. Ein erster Subprozess betrifft die Ankn\u00fcpfung, der zweite Subprozess die Sinnbildung und ein dritter Subprozess die Gewichtung.<\/p>\n<h2 class=\"cprp_section_title\">:: Mehr zum Thema ::<\/h2><div class=\"cprp_items list \"><ul><li><div class=\"cprp_data\"><div class=\"cprp_title\"><a href=\"http:\/\/www.vrabek.de\/design\/3-subliminales\/3-3-aesthetische-kriterien-fuer-design-in-korrespondenz-zu-subliminalen-organisationstendenzen\/3-3-2-subprozesse-im-teilprozess-der-kognition\/3-3-2-1-kriterien-zum-subprozess-der-anknuepfung\/\" title=\"3.3.2.1 Kriterien zum Subprozess der Ankn\u00fcpfung\">3.3.2.1 Kriterien zum Subprozess der Ankn\u00fcpfung<\/a><\/div><div class=\"cprp_excerpt\"><span class=\"cprp_excerpt_content\">Den Kommentar: \u00bbdamit kann ich nichts anfangen\u00ab, musste wohl jeder schon einmal abgeben. Das Reizangebot wird zwar registriert, aber die Kognition findet weder auf der subliminalen Ebene, der somatischen, der introvertierten oder der explorativen Tendenz noch auf der bewussten Wertungsebene hinsichtlich des Aspekts des Gef\u00fchls oder der Erkenntnis eine Ankn\u00fcpfung.&hellip;<\/span><\/div><div class=\"cprp_tags\">Tags: ankn\u00fcpfung, erfahrung, subliminalen, subprozess, kriterien, rolle, sehr, diese, kognitive, entsprechende<\/div><\/div><\/li><li><div class=\"cprp_data\"><div class=\"cprp_title\"><a href=\"http:\/\/www.vrabek.de\/design\/3-subliminales\/3-3-aesthetische-kriterien-fuer-design-in-korrespondenz-zu-subliminalen-organisationstendenzen\/3-3-2-subprozesse-im-teilprozess-der-kognition\/3-3-2-2-kriterien-zum-subprozess-der-sinnbildung\/\" title=\"3.3.2.2 Kriterien zum Subproze\u00df der Sinnbildung\">3.3.2.2 Kriterien zum Subproze\u00df der Sinnbildung<\/a><\/div><div class=\"cprp_excerpt\"><span class=\"cprp_excerpt_content\">Nach dem Subprozess der Ankn\u00fcpfung folgt im Teilprozess der Kognition der Subprozess der Sinnbildung. In welcher Form und hinsichtlich welcher Tendenz sich diese vollzieht, h\u00e4ngt von der momentanen Gesamtorganisation der subjektiven Erfahrung ab, die sich in jedem Augenblick ver\u00e4ndert. Gleichg\u00fcltig, ob neue Reize von au\u00dfen oder innen eintreffen, werden einige&hellip;<\/span><\/div><div class=\"cprp_tags\">Tags: sinnbildung, erfahrung, subprozess, ohne, anderen, \u00e4sthetisches, folgt, ankn\u00fcpfung, kriterien, teilprozess<\/div><\/div><\/li><li><div class=\"cprp_data\"><div class=\"cprp_title\"><a href=\"http:\/\/www.vrabek.de\/design\/3-subliminales\/3-3-aesthetische-kriterien-fuer-design-in-korrespondenz-zu-subliminalen-organisationstendenzen\/3-3-2-subprozesse-im-teilprozess-der-kognition\/3-3-2-3-kriterien-zum-subprozess-der-gewichtung\/\" title=\"3.3.2.3 Kriterien zum Subprozess der Gewichtung\">3.3.2.3 Kriterien zum Subprozess der Gewichtung<\/a><\/div><div class=\"cprp_excerpt\"><span class=\"cprp_excerpt_content\">Selbst wenn ein Reizangebot eine Ankn\u00fcpfung erm\u00f6glicht hat oder zur Erfahrung eines \u00e4sthetischen Eigenwerts veranlasste, wenn es zur Sinnbildung anregen konnte oder als isolierte Black-Box behandelt wird, ist noch zu entscheiden, ob das Reizangebot weiterhin wichtig bleibt und l\u00e4ngerfristig kognitiv eingeschlossen oder ob es endg\u00fcltig ignoriert wird. Dieser Subprozess der&hellip;<\/span><\/div><div class=\"cprp_tags\">Tags: gewichtung, kriterien, kognition, subprozess, reflexion, ohne, alle, sehr, erfahrung, ankn\u00fcpfung<\/div><\/div><\/li><\/ul><\/div><div style=\"clear:both;\"><\/div>","protected":false},"excerpt":{"rendered":"<p>Der Kognitionsbegriff nimmt seit seinem Aufkommen in den sechziger Jahren eine zentrale Rolle in der Psychologie und in anderen Wissenschaften ein. Die Begriffsdefinitionen sind vielf\u00e4ltig und reichen von der sehr engen Bezeichnung der h\u00f6heren geistigen F\u00e4higkeiten zu weiten Begriffsfeldern wie&hellip;  <\/p>\n<p class=\"more-link\"><a href=\"http:\/\/www.vrabek.de\/design\/3-subliminales\/3-3-aesthetische-kriterien-fuer-design-in-korrespondenz-zu-subliminalen-organisationstendenzen\/3-3-2-subprozesse-im-teilprozess-der-kognition\/\">Continue reading <span class=\"meta-nav\">&rarr;<\/span><\/a><\/p>\n","protected":false},"author":1,"featured_media":0,"parent":109,"menu_order":0,"comment_status":"closed","ping_status":"closed","template":"","meta":[],"_links":{"self":[{"href":"http:\/\/www.vrabek.de\/design\/wp-json\/wp\/v2\/pages\/337"}],"collection":[{"href":"http:\/\/www.vrabek.de\/design\/wp-json\/wp\/v2\/pages"}],"about":[{"href":"http:\/\/www.vrabek.de\/design\/wp-json\/wp\/v2\/types\/page"}],"author":[{"embeddable":true,"href":"http:\/\/www.vrabek.de\/design\/wp-json\/wp\/v2\/users\/1"}],"replies":[{"embeddable":true,"href":"http:\/\/www.vrabek.de\/design\/wp-json\/wp\/v2\/comments?post=337"}],"version-history":[{"count":3,"href":"http:\/\/www.vrabek.de\/design\/wp-json\/wp\/v2\/pages\/337\/revisions"}],"predecessor-version":[{"id":550,"href":"http:\/\/www.vrabek.de\/design\/wp-json\/wp\/v2\/pages\/337\/revisions\/550"}],"up":[{"embeddable":true,"href":"http:\/\/www.vrabek.de\/design\/wp-json\/wp\/v2\/pages\/109"}],"wp:attachment":[{"href":"http:\/\/www.vrabek.de\/design\/wp-json\/wp\/v2\/media?parent=337"}],"curies":[{"name":"wp","href":"https:\/\/api.w.org\/{rel}","templated":true}]}}