{"id":192,"date":"2020-12-16T13:51:00","date_gmt":"2020-12-16T12:51:00","guid":{"rendered":"http:\/\/www.vrabek.de\/design\/?page_id=192"},"modified":"2020-12-29T12:30:53","modified_gmt":"2020-12-29T11:30:53","slug":"1-4-1-komponenten-zum-teilprozess-der-aesthetischen-erfahrung","status":"publish","type":"page","link":"http:\/\/www.vrabek.de\/design\/1-design-und-aesthetische-erfahrung-innerhalb-der-wirklichkeitsbildenden-basis-von-erfahrung\/1-4-1-komponenten-zum-teilprozess-der-aesthetischen-erfahrung\/","title":{"rendered":"1.4.1 Komponenten zum Teilprozess der \u00e4sthetischen Erfahrung"},"content":{"rendered":"<p>Trotz der Intention, die Vielf\u00e4ltigkeit der Erfahrungskreationen aufgrund verschiedener Grundlagen zuzulassen, muss eine kritisierbare, mit anderen Theorien vergleichbare Theorie in sich selbst koh\u00e4rent aufgebaut sein und eine modellhafte, einheitliche Sichtweise auf ihren Problembereich darstellen. Diesen Gedanken stellt Nelson Goodman seinen \u00dcberlegungen zu den vielen gleichberechtigt nebeneinanderzustellen Weisen der Welterzeugung voraus.<\/p>\n<blockquote><p>\u00bbDie Bereitschaft, alternative Welten anzuerkennen, kann zwar befreiend sein und Hinweise auf neue Forschungswege geben, aber wem alle Welten gleich willkommen sind, wird keine erbauen. Die blo\u00dfe Anerkennung der vielen verf\u00fcgbaren Bezugsrahmen liefert keine Karte der Himmelsbewegungen; die Einsicht, dass alternative Grundlagen w\u00e4hlbar sind, bringt keine wissenschaftliche Theorie und kein philosophisches System hervor; das Bewusstsein von verschiedenen Sehweisen malt keine Bilder. Ein gro\u00dfz\u00fcgiger Geist in kein Ersatz f\u00fcr harte Arbeit.\u00ab (<a href=\"\/design\/literaturverzeichnis\/\">vgl. Goodman, 1995, S. 36<\/a>)<\/p><\/blockquote>\n<p>Mit der vorliegenden Untersuchung wird der Versuch unternommen, in diesem Sinne eine in sich stimmige, nicht beliebige, sondern diskussionsf\u00e4hige Theorie f\u00fcr die Relation von \u00e4sthetischer Erfahrung und Design zu entwickeln. Grundlage hierf\u00fcr ist die Modellierung der wirklichkeitsbildenden Basis von Erfahrung und dem Verst\u00e4ndnis von \u00e4sthetischer Erfahrung und Design als deren Teilprozesse, die bez\u00fcglich dieser Untersuchung besonders hervorgehoben werden. In Relation zu typischen Orientierungen, welche die Erfahrung annehmen kann, sind f\u00fcnf Komponenten der \u00e4sthetischen Erfahrung und drei Arten der Korrespondenz zum Prozess von spezifischer Gestaltung oder Design unterscheidbar. Dieser Differenzierung entsprechen drei Kategorien f\u00fcr Design. Aus diesem Modell ergibt sich die Gliederung der Untersuchung und die Einteilung in Kapitel, die auf der Abbildung 3 dargestellt ist. In jedem Kapitel wird zun\u00e4chst eine Komponente der \u00e4sthetischen Erfahrung analysiert. Anschlie\u00dfend wird die jeweilige Korrespondenz zu Design dargestellt. Von dieser werden Richtlinien, in Form von Kriterien f\u00fcr Design abgeleitet und anhand von Beispielen veranschaulicht.<\/p>\n","protected":false},"excerpt":{"rendered":"<p>Trotz der Intention, die Vielf\u00e4ltigkeit der Erfahrungskreationen aufgrund verschiedener Grundlagen zuzulassen, muss eine kritisierbare, mit anderen Theorien vergleichbare Theorie in sich selbst koh\u00e4rent aufgebaut sein und eine modellhafte, einheitliche Sichtweise auf ihren Problembereich darstellen. Diesen Gedanken stellt Nelson Goodman seinen&hellip;  <\/p>\n<p class=\"more-link\"><a href=\"http:\/\/www.vrabek.de\/design\/1-design-und-aesthetische-erfahrung-innerhalb-der-wirklichkeitsbildenden-basis-von-erfahrung\/1-4-1-komponenten-zum-teilprozess-der-aesthetischen-erfahrung\/\">Continue reading <span class=\"meta-nav\">&rarr;<\/span><\/a><\/p>\n","protected":false},"author":1,"featured_media":0,"parent":7,"menu_order":0,"comment_status":"closed","ping_status":"closed","template":"","meta":[],"_links":{"self":[{"href":"http:\/\/www.vrabek.de\/design\/wp-json\/wp\/v2\/pages\/192"}],"collection":[{"href":"http:\/\/www.vrabek.de\/design\/wp-json\/wp\/v2\/pages"}],"about":[{"href":"http:\/\/www.vrabek.de\/design\/wp-json\/wp\/v2\/types\/page"}],"author":[{"embeddable":true,"href":"http:\/\/www.vrabek.de\/design\/wp-json\/wp\/v2\/users\/1"}],"replies":[{"embeddable":true,"href":"http:\/\/www.vrabek.de\/design\/wp-json\/wp\/v2\/comments?post=192"}],"version-history":[{"count":4,"href":"http:\/\/www.vrabek.de\/design\/wp-json\/wp\/v2\/pages\/192\/revisions"}],"predecessor-version":[{"id":1360,"href":"http:\/\/www.vrabek.de\/design\/wp-json\/wp\/v2\/pages\/192\/revisions\/1360"}],"up":[{"embeddable":true,"href":"http:\/\/www.vrabek.de\/design\/wp-json\/wp\/v2\/pages\/7"}],"wp:attachment":[{"href":"http:\/\/www.vrabek.de\/design\/wp-json\/wp\/v2\/media?parent=192"}],"curies":[{"name":"wp","href":"https:\/\/api.w.org\/{rel}","templated":true}]}}