{"id":143,"date":"2015-12-01T23:35:07","date_gmt":"2015-12-01T22:35:07","guid":{"rendered":"http:\/\/www.vrabek.de\/design\/?page_id=143"},"modified":"2018-05-05T15:09:06","modified_gmt":"2018-05-05T13:09:06","slug":"5-3-3-subprozesse-im-teilprozess-der-reaktivation","status":"publish","type":"page","link":"http:\/\/www.vrabek.de\/design\/5-mediales\/5-3-3-subprozesse-im-teilprozess-der-reaktivation\/","title":{"rendered":"5.3.3 Subprozesse im Teilprozess der Reaktivation"},"content":{"rendered":"<p>Die prinzipielle Verbreitungsf\u00e4higkeit der Medien ist noch dem Teilprozess der Manifestation zuzuordnen. Hierauf baut die Reaktivation der bereits aktivierten und manifestierten Medien als dem dritten Teilprozess der Interaktion mit Medien auf. Hinsichtlich der interaktiven Erfahrungsdimension sind auch bez\u00fcglich der Reaktivation bestimmte Kriterien einzuhalten. So sind Medien mit standardisierter Logik erst dann reaktivierbar, wenn wenigstens die Methode zum Decodieren mitverbreitet wird. Insbesondere die Interaktionen mit komplexen standardisierten Medien werden zunehmend mit Hilfe der Digitalisierung fixiert. Damit alleine ist ihr \u00dcberdauern und die Weitergabe an nachfolgende Generationen noch nicht garantiert, denn ohne den Bezug zum Menschen, ohne die parallel betriebene und breit angelegte Weiterbildung darin, mit den codierten Fixierungsformen zu interagieren, bleiben nur die Manifestationen der standardisierten Medien zur\u00fcck ohne M\u00f6glichkeit daraus eine Wissensbasis f\u00fcr die n\u00e4chste Generation zu reaktivieren. Zum Teilprozess der Reaktivation geh\u00f6ren die spezifisch hinsichtlich jedem Logiktyp zu untersuchenden Subprozesse der Verf\u00fcgung, der Bef\u00e4higung und der Aus\u00fcbung.<\/p>\n<h2 class=\"cprp_section_title\">:: Mehr zum Thema ::<\/h2><div class=\"cprp_items list \"><ul><li><div class=\"cprp_data\"><div class=\"cprp_title\"><a href=\"http:\/\/www.vrabek.de\/design\/5-mediales\/5-3-3-subprozesse-im-teilprozess-der-reaktivation\/5-3-3-1-kriterien-zum-subprozess-der-verfuegung\/\" title=\"5.3.3.1 Kriterien zum Subprozess der Verf\u00fcgung\">5.3.3.1 Kriterien zum Subprozess der Verf\u00fcgung<\/a><\/div><div class=\"cprp_excerpt\"><span class=\"cprp_excerpt_content\">Der erste Subprozess im Teilprozess der Reaktivation von Erfahrungen, die an die Interaktion mit Medien und deren bedingende Logiktypen gebunden sind, kann als Verf\u00fcgung gekennzeichnet werden. Nach der Aktivation und der Manifestation sollten die Medien f\u00fcr eine Reaktivation zur Verf\u00fcgung stehen. Die mit dem Subprozess der Verf\u00fcgung verbundenen Bedingungen f\u00fcr&hellip;<\/span><\/div><div class=\"cprp_tags\">Tags: logik, verf\u00fcgung, medien, interaktion, reaktivation, bez\u00fcglich, hinsichtlich, teilprozess, kriterien, manifestation<\/div><\/div><\/li><li><div class=\"cprp_data\"><div class=\"cprp_title\"><a href=\"http:\/\/www.vrabek.de\/design\/5-mediales\/5-3-3-subprozesse-im-teilprozess-der-reaktivation\/5-3-3-2-kriterien-zum-subprozess-der-befaehigung\/\" title=\"5.3.3.2 Kriterien zum Subprozess der Bef\u00e4higung\">5.3.3.2 Kriterien zum Subprozess der Bef\u00e4higung<\/a><\/div><div class=\"cprp_excerpt\"><span class=\"cprp_excerpt_content\">Aus dem Subprozess der Bef\u00e4higung sind solche Kriterien f\u00fcr die Erfahrung ableitbar, die damit zusammenh\u00e4ngen, dass ein Medium zwar zur Verf\u00fcgung bereit steht, ein Nutzer jedoch nicht dazu bef\u00e4higt ist, mit diesem zu interagieren. In Relation zu Medien mit organischer Logik l\u00e4sst sich diese Bedingung mit dem Kriterium der Vollzugsf\u00e4higkeit&hellip;<\/span><\/div><div class=\"cprp_tags\">Tags: logik, medien, kriterien, bef\u00e4higung, standardisierter, bez\u00fcglich, interagieren, hinsichtlich, damit, verf\u00fcgung<\/div><\/div><\/li><li><div class=\"cprp_data\"><div class=\"cprp_title\"><a href=\"http:\/\/www.vrabek.de\/design\/5-mediales\/5-3-3-subprozesse-im-teilprozess-der-reaktivation\/5-3-3-3-kriterien-zum-subprozess-der-ausuebung\/\" title=\"5.3.3.3 Kriterien zum Subprozess der Aus\u00fcbung\">5.3.3.3 Kriterien zum Subprozess der Aus\u00fcbung<\/a><\/div><div class=\"cprp_excerpt\"><span class=\"cprp_excerpt_content\">Der abschlie\u00dfende Subprozess des Teilprozesses der Reaktivation umfasst die Aus\u00fcbung von Interaktionen und die mit diesen in der Erfahrung verbundenen Erwartungen an die Zuverl\u00e4ssigkeit der genutzten Medien einerseits sowie an die Kompetenz der Mediennutzer andererseits. Der Subprozess der Aus\u00fcbung ist mit dem ersten Subprozess im Teilprozess der Aktivation, der Erzeugung,&hellip;<\/span><\/div><div class=\"cprp_tags\">Tags: medien, aus\u00fcbung, logik, kriterien, standardisierter, bez\u00fcglich, hinsichtlich, interaktionen, reaktivation, teilprozess<\/div><\/div><\/li><\/ul><\/div><div style=\"clear:both;\"><\/div>","protected":false},"excerpt":{"rendered":"<p>Die prinzipielle Verbreitungsf\u00e4higkeit der Medien ist noch dem Teilprozess der Manifestation zuzuordnen. Hierauf baut die Reaktivation der bereits aktivierten und manifestierten Medien als dem dritten Teilprozess der Interaktion mit Medien auf. Hinsichtlich der interaktiven Erfahrungsdimension sind auch bez\u00fcglich der Reaktivation&hellip;  <\/p>\n<p class=\"more-link\"><a href=\"http:\/\/www.vrabek.de\/design\/5-mediales\/5-3-3-subprozesse-im-teilprozess-der-reaktivation\/\">Continue reading <span class=\"meta-nav\">&rarr;<\/span><\/a><\/p>\n","protected":false},"author":1,"featured_media":0,"parent":63,"menu_order":0,"comment_status":"closed","ping_status":"closed","template":"","meta":[],"_links":{"self":[{"href":"http:\/\/www.vrabek.de\/design\/wp-json\/wp\/v2\/pages\/143"}],"collection":[{"href":"http:\/\/www.vrabek.de\/design\/wp-json\/wp\/v2\/pages"}],"about":[{"href":"http:\/\/www.vrabek.de\/design\/wp-json\/wp\/v2\/types\/page"}],"author":[{"embeddable":true,"href":"http:\/\/www.vrabek.de\/design\/wp-json\/wp\/v2\/users\/1"}],"replies":[{"embeddable":true,"href":"http:\/\/www.vrabek.de\/design\/wp-json\/wp\/v2\/comments?post=143"}],"version-history":[{"count":3,"href":"http:\/\/www.vrabek.de\/design\/wp-json\/wp\/v2\/pages\/143\/revisions"}],"predecessor-version":[{"id":582,"href":"http:\/\/www.vrabek.de\/design\/wp-json\/wp\/v2\/pages\/143\/revisions\/582"}],"up":[{"embeddable":true,"href":"http:\/\/www.vrabek.de\/design\/wp-json\/wp\/v2\/pages\/63"}],"wp:attachment":[{"href":"http:\/\/www.vrabek.de\/design\/wp-json\/wp\/v2\/media?parent=143"}],"curies":[{"name":"wp","href":"https:\/\/api.w.org\/{rel}","templated":true}]}}

<p>Die prinzipielle Verbreitungsfähigkeit der Medien ist noch dem Teilprozess der Manifestation zuzuordnen. Hierauf baut die Reaktivation der bereits aktivierten und manifestierten Medien als dem dritten Teilprozess der Interaktion mit Medien auf. Hinsichtlich der interaktiven Erfahrungsdimension sind auch bezüglich der Reaktivation bestimmte Kriterien einzuhalten. So sind Medien mit standardisierter Logik erst dann reaktivierbar, wenn wenigstens die Methode zum Decodieren mitverbreitet wird. Insbesondere die Interaktionen mit komplexen standardisierten Medien werden zunehmend mit Hilfe der Digitalisierung fixiert. Damit alleine ist ihr Überdauern und die Weitergabe an nachfolgende Generationen noch nicht garantiert, denn ohne den Bezug zum Menschen, ohne die parallel betriebene und breit angelegte Weiterbildung darin, mit den codierten Fixierungsformen zu interagieren, bleiben nur die Manifestationen der standardisierten Medien zurück ohne Möglichkeit daraus eine Wissensbasis für die nächste Generation zu reaktivieren. Zum Teilprozess der Reaktivation gehören die spezifisch hinsichtlich jedem Logiktyp zu untersuchenden Subprozesse der Verfügung, der Befähigung und der Ausübung.</p>
<h2 class="cprp_section_title">:: Mehr zum Thema ::</h2><div class="cprp_items list "><ul><li><div class="cprp_data"><div class="cprp_title"><a href="http://www.vrabek.de/design/5-mediales/5-3-3-subprozesse-im-teilprozess-der-reaktivation/5-3-3-1-kriterien-zum-subprozess-der-verfuegung/" title="5.3.3.1 Kriterien zum Subprozess der Verfügung">5.3.3.1 Kriterien zum Subprozess der Verfügung</a></div><div class="cprp_excerpt"><span class="cprp_excerpt_content">Der erste Subprozess im Teilprozess der Reaktivation von Erfahrungen, die an die Interaktion mit Medien und deren bedingende Logiktypen gebunden sind, kann als Verfügung gekennzeichnet werden. Nach der Aktivation und der Manifestation sollten die Medien für eine Reaktivation zur Verfügung stehen. Die mit dem Subprozess der Verfügung verbundenen Bedingungen für&hellip;</span></div><div class="cprp_tags">Tags: logik, verfügung, medien, interaktion, reaktivation, bezüglich, hinsichtlich, teilprozess, kriterien, manifestation</div></div></li><li><div class="cprp_data"><div class="cprp_title"><a href="http://www.vrabek.de/design/5-mediales/5-3-3-subprozesse-im-teilprozess-der-reaktivation/5-3-3-2-kriterien-zum-subprozess-der-befaehigung/" title="5.3.3.2 Kriterien zum Subprozess der Befähigung">5.3.3.2 Kriterien zum Subprozess der Befähigung</a></div><div class="cprp_excerpt"><span class="cprp_excerpt_content">Aus dem Subprozess der Befähigung sind solche Kriterien für die Erfahrung ableitbar, die damit zusammenhängen, dass ein Medium zwar zur Verfügung bereit steht, ein Nutzer jedoch nicht dazu befähigt ist, mit diesem zu interagieren. In Relation zu Medien mit organischer Logik lässt sich diese Bedingung mit dem Kriterium der Vollzugsfähigkeit&hellip;</span></div><div class="cprp_tags">Tags: logik, medien, kriterien, befähigung, standardisierter, bezüglich, interagieren, hinsichtlich, damit, verfügung</div></div></li><li><div class="cprp_data"><div class="cprp_title"><a href="http://www.vrabek.de/design/5-mediales/5-3-3-subprozesse-im-teilprozess-der-reaktivation/5-3-3-3-kriterien-zum-subprozess-der-ausuebung/" title="5.3.3.3 Kriterien zum Subprozess der Ausübung">5.3.3.3 Kriterien zum Subprozess der Ausübung</a></div><div class="cprp_excerpt"><span class="cprp_excerpt_content">Der abschließende Subprozess des Teilprozesses der Reaktivation umfasst die Ausübung von Interaktionen und die mit diesen in der Erfahrung verbundenen Erwartungen an die Zuverlässigkeit der genutzten Medien einerseits sowie an die Kompetenz der Mediennutzer andererseits. Der Subprozess der Ausübung ist mit dem ersten Subprozess im Teilprozess der Aktivation, der Erzeugung,&hellip;</span></div><div class="cprp_tags">Tags: medien, ausübung, logik, kriterien, standardisierter, bezüglich, hinsichtlich, interaktionen, reaktivation, teilprozess</div></div></li></ul></div><div style="clear:both;"></div>

<p>Die prinzipielle Verbreitungsfähigkeit der Medien ist noch dem Teilprozess der Manifestation zuzuordnen. Hierauf baut die Reaktivation der bereits aktivierten und manifestierten Medien als dem dritten Teilprozess der Interaktion mit Medien auf. Hinsichtlich der interaktiven Erfahrungsdimension sind auch bezüglich der Reaktivation&hellip;  </p>
<p class="more-link"><a href="http://www.vrabek.de/design/5-mediales/5-3-3-subprozesse-im-teilprozess-der-reaktivation/">Continue reading <span class="meta-nav">&rarr;</span></a></p>
