{"id":111,"date":"2020-11-30T17:21:00","date_gmt":"2020-11-30T16:21:00","guid":{"rendered":"http:\/\/www.vrabek.de\/design\/?page_id=111"},"modified":"2020-12-29T14:23:08","modified_gmt":"2020-12-29T13:23:08","slug":"3-3-1-subprozesse-im-teilprozess-der-motivation","status":"publish","type":"page","link":"http:\/\/www.vrabek.de\/design\/3-subliminales\/3-3-aesthetische-kriterien-fuer-design-in-korrespondenz-zu-subliminalen-organisationstendenzen\/3-3-1-subprozesse-im-teilprozess-der-motivation\/","title":{"rendered":"3.3.1 Subprozesse im Teilprozess der Motivation"},"content":{"rendered":"<p>Je nach psychologischem Ansatz erh\u00e4lt der Begriff Motivation, als Wille, Drang, Trieb zu handeln, eine andere Bedeutung. Freud hielt den Sexualtrieb f\u00fcr zentral, Adler den Macht- und Geltungstrieb. Sp\u00e4ter entstanden dualistische Theorien, die einen r\u00fcckw\u00e4rts oder nach innen gerichteten und einen vorw\u00e4rts, nach Neuem strebenden Trieb annahmen. Auch der egoistische Selbsterhaltungstrieb, dem allerdings h\u00e4ufig auftretende altruistische Motive widersprechen, wird oft genannt. Basis der modernen Psychologie ist jedoch eine mathematische Theorie geworden, wie sie bereits C. G. Jung konzipierte (<a href=\"\/design\/literaturverzeichnis\/\">vgl. Sch\u00f6npflug\/Sch\u00f6npflug, 1989<\/a>). Diese geht davon aus, dass zun\u00e4chst auf subliminaler Ebene eine Aktivit\u00e4tstendenz eingeleitet wird, die sich als unspezifische k\u00f6rperliche Erregung \u00e4u\u00dfert. Diese wird schlie\u00dflich bewusst und je nach Situation gedeutet. Aus Sicht der konstruktivistischen Psychologie und durch empirische Versuche belegbar ist hinzuzuf\u00fcgen, dass die Deutung nicht beliebig ausfallen kann. Sie muss wenigstens der groben Richtung einer subliminalen Tendenz entsprechen, um durch den Vollzug einer entsprechenden Aktivit\u00e4t die Erregung l\u00f6sen zu k\u00f6nnen. Die Motivation als psychischer Teilprozess hat eine den Antrieb aktivierende, f\u00fcr die momentane Verhaltensorientierung ausschlaggebende Funktion und kann in drei Subprozesse, Registrierung, Kanalisierung und Zielerf\u00fcllung untergliedert werden.<\/p>\n<h2 class=\"cprp_section_title\">:: Mehr zum Thema ::<\/h2><div class=\"cprp_items list \"><ul><li><div class=\"cprp_data\"><div class=\"cprp_title\"><a href=\"http:\/\/www.vrabek.de\/design\/3-subliminales\/3-3-aesthetische-kriterien-fuer-design-in-korrespondenz-zu-subliminalen-organisationstendenzen\/3-3-1-1-kriterien-zum-subprozess-der-registrierung\/\" title=\"3.3.1.1 Kriterien zum Subprozess der Registrierung\">3.3.1.1 Kriterien zum Subprozess der Registrierung<\/a><\/div><div class=\"cprp_excerpt\"><span class=\"cprp_excerpt_content\">Zum Subprozess der Registrierung als subliminaler Grundvoraussetzung f\u00fcr motivationale Aktivit\u00e4t geh\u00f6rt eine innere Bereitschaft, eine allgemeine Empf\u00e4nglichkeit f\u00fcr Reize, die zu verschiedenen Zeitpunkten unterschiedlich stark ausgepr\u00e4gt sein kann. Auf den graduellen Aufbau des Bereitschaftspotentials im Zuge der Registrierung kommt es bei den folgenden \u00dcberlegungen an, nicht auf affektgesteuertes Verhalten. Bei&hellip;<\/span><\/div><div class=\"cprp_tags\">Tags: registrierung, tendenz, teilprozess, motivation, subliminaler, innen, aktivit\u00e4t<\/div><\/div><\/li><li><div class=\"cprp_data\"><div class=\"cprp_title\"><a href=\"http:\/\/www.vrabek.de\/design\/3-subliminales\/3-3-aesthetische-kriterien-fuer-design-in-korrespondenz-zu-subliminalen-organisationstendenzen\/3-3-1-2-kriterien-zu-subprozess-der-kanalisierung\/\" title=\"3.3.1.2 Kriterien zu Subprozess der Kanalisierung\">3.3.1.2 Kriterien zu Subprozess der Kanalisierung<\/a><\/div><div class=\"cprp_excerpt\"><span class=\"cprp_excerpt_content\">Der Subprozess der subliminalen Kanalisierung wirkt sich zweifach aus. Einerseits werden bestimmte Reizereignisse, die zwar nicht zum bekannten Erfahrungshorizont eines Menschen geh\u00f6ren, sich in ihrer sinnlich erfahrbaren \u00e4sthetischen Verfasstheit aber in das Bekannte eingliedern lassen, manchmal bereits auf subliminaler Ebene ausgefiltert und gelangen nicht in das Bewusstsein. Diese Vorauswahl entlastet&hellip;<\/span><\/div><div class=\"cprp_tags\">Tags: kanalisierung, tendenz, subliminalen, motivation, andere, um, bewusst, subliminaler, bereits, ebene<\/div><\/div><\/li><li><div class=\"cprp_data\"><div class=\"cprp_title\"><a href=\"http:\/\/www.vrabek.de\/design\/3-subliminales\/3-3-aesthetische-kriterien-fuer-design-in-korrespondenz-zu-subliminalen-organisationstendenzen\/3-3-1-3-kriterien-zum-subprozess-der-zielerfuellung\/\" title=\"3.3.1.3 Kriterien zum Subprozess der Zielerf\u00fcllung\">3.3.1.3 Kriterien zum Subprozess der Zielerf\u00fcllung<\/a><\/div><div class=\"cprp_excerpt\"><span class=\"cprp_excerpt_content\">Nach den beiden Subprozessen der Registrierung und der Kanalisierung, folgt als letzter Subprozess im subliminalen Teilprozess der Motivation, die Zielerf\u00fcllung. Diese richtet sich ganz allgemein auf den Abschluss eines motivationalen Prozesses, der als Befriedigung erfahrbar ist. Je nach dominanter Relation zu den verschiedenen subliminalen Tendenzen l\u00e4sst sich diese Befriedigung bei&hellip;<\/span><\/div><div class=\"cprp_tags\">Tags: zielerf\u00fcllung, tendenz, subliminalen, diese, teilprozess, motivation, kanalisierung, registrierung, je<\/div><\/div><\/li><\/ul><\/div><div style=\"clear:both;\"><\/div>","protected":false},"excerpt":{"rendered":"<p>Je nach psychologischem Ansatz erh\u00e4lt der Begriff Motivation, als Wille, Drang, Trieb zu handeln, eine andere Bedeutung. Freud hielt den Sexualtrieb f\u00fcr zentral, Adler den Macht- und Geltungstrieb. Sp\u00e4ter entstanden dualistische Theorien, die einen r\u00fcckw\u00e4rts oder nach innen gerichteten und&hellip;  <\/p>\n<p class=\"more-link\"><a href=\"http:\/\/www.vrabek.de\/design\/3-subliminales\/3-3-aesthetische-kriterien-fuer-design-in-korrespondenz-zu-subliminalen-organisationstendenzen\/3-3-1-subprozesse-im-teilprozess-der-motivation\/\">Continue reading <span class=\"meta-nav\">&rarr;<\/span><\/a><\/p>\n","protected":false},"author":1,"featured_media":0,"parent":109,"menu_order":0,"comment_status":"closed","ping_status":"closed","template":"","meta":[],"_links":{"self":[{"href":"http:\/\/www.vrabek.de\/design\/wp-json\/wp\/v2\/pages\/111"}],"collection":[{"href":"http:\/\/www.vrabek.de\/design\/wp-json\/wp\/v2\/pages"}],"about":[{"href":"http:\/\/www.vrabek.de\/design\/wp-json\/wp\/v2\/types\/page"}],"author":[{"embeddable":true,"href":"http:\/\/www.vrabek.de\/design\/wp-json\/wp\/v2\/users\/1"}],"replies":[{"embeddable":true,"href":"http:\/\/www.vrabek.de\/design\/wp-json\/wp\/v2\/comments?post=111"}],"version-history":[{"count":4,"href":"http:\/\/www.vrabek.de\/design\/wp-json\/wp\/v2\/pages\/111\/revisions"}],"predecessor-version":[{"id":1409,"href":"http:\/\/www.vrabek.de\/design\/wp-json\/wp\/v2\/pages\/111\/revisions\/1409"}],"up":[{"embeddable":true,"href":"http:\/\/www.vrabek.de\/design\/wp-json\/wp\/v2\/pages\/109"}],"wp:attachment":[{"href":"http:\/\/www.vrabek.de\/design\/wp-json\/wp\/v2\/media?parent=111"}],"curies":[{"name":"wp","href":"https:\/\/api.w.org\/{rel}","templated":true}]}}